NOAA-Style Climate Reports


Report for 2013 February
                   Monthly Climatological Summary for Feb 2013

Name: Naas South   City: Naas   State: Kildare
Elevation: 116 m  Lat: N 54° 12' 28"   Lon: W 006° 40' 35"

                  Temperature (°C), Rain (mm), Wind Speed (km/h)

                                      Heat  Cool        Avg
    Mean                              Deg   Deg         Wind                 Dom
Day Temp  High   Time   Low    Time   Days  Days  Rain  Speed High   Time    Dir
----------------------------------------------------------------------------------
 1   3.0   6.8   13:26  -0.7   04:01  15.2   0.0   0.0   6.2  40.2   13:47   NNE
 2   4.5   8.4   08:41   0.1   19:15  13.8   0.0   5.0   3.1  22.5   02:31     W
 3   8.5  10.3   14:32   5.6   08:24   9.8   0.0   1.4   5.4  33.8   01:44    NW
 4   3.1   8.3   13:42  -0.4   06:22  15.2   0.0   2.8   7.7  35.4   17:02    NW
 5   3.7   6.4   14:46   0.2   09:14  14.6   0.0   2.2   7.3  49.9   15:20     N
 6   1.7   6.0   14:11  -1.4   00:47  16.6   0.0   0.0   9.7  37.0   12:52   NNE
 7   3.4   6.7   15:02   0.9   09:00  14.9   0.0   6.0   5.0  48.3   15:19     N
 8   5.6   7.8   15:16   3.3   21:49  12.7   0.0   0.6   2.4  14.5   13:31   WNW
 9   7.2   8.6   11:53   5.8   09:00  11.1   0.0   8.2   3.1  17.7   21:35    SW
10   4.3   6.0   09:00   3.0   06:53  14.0   0.0  13.2   3.0  20.9   11:13   NNE
11   3.0   4.3   13:05   1.5   02:58  15.3   0.0   0.0   5.9  19.3   11:42   ENE
12   5.0   6.8   08:54   2.8   09:00  13.3   0.0   2.0   2.6  35.4   06:45    SW
13   7.9  11.2   15:47   3.6   05:54  10.4   0.0   9.8   9.9  32.2   09:07   WSW
14   5.1   9.9   14:10   1.8   01:56  13.2   0.0   0.2   3.1  24.1   13:42    NW
15   6.9   9.6   14:52   3.5   09:00  11.4   0.0   0.2   3.2  20.9   21:18    SW
16   8.2  10.7   12:24   6.8   06:55  10.1   0.0   0.0   8.4  30.6   12:40    SW
17   6.3  10.6   13:34   2.8   03:20  12.0   0.0   0.0   8.3  35.4   13:42   SSW
18   4.4  10.0   14:37  -2.5   07:48  13.9   0.0   0.0   5.0  24.1   12:45     S
19   2.1   9.6   13:05  -3.7   02:37  16.2   0.0   0.0   1.0  11.3   13:59   ESE
20   4.2   7.9   13:38   0.2   09:00  14.1   0.0   0.2   4.0  32.2   21:07   SSE
21   1.4   4.6   11:30  -0.7   21:32  16.9   0.0   0.0   6.2  32.2   16:19    SE
22   1.2   2.4   13:59   0.1   08:39  16.9   0.0   0.0   3.6  17.7   17:22    SE
23   0.0   2.6   13:30  -4.3   07:45  18.3   0.0   0.0   1.5  17.7   02:17    NE
24   0.7   3.4   15:23  -2.7   01:24  17.6   0.0   0.2   0.7   6.4   16:08    NE
25   2.2   7.2   15:19  -2.1   05:03  16.1   0.0   0.0   3.0  22.5   10:55   ENE
26   4.8   6.9   14:48   3.9   09:00  13.4   0.0   0.2   5.2  30.6   11:19   ENE
27   3.8   7.7   13:17   1.4   22:57  14.5   0.0   0.0   8.0  29.0   11:45   ENE
28   3.8   6.7   15:22  -0.7   21:35  14.5   0.0   0.0   7.4  24.1   13:53    NE
----------------------------------------------------------------------------------
     4.1  11.2    13    -4.3    23   396.0   0.0  52.2   5.0  49.9     5     NNE

Max >=  27.0:  0
Max <=   0.0:  0
Min <=   0.0: 10
Min <= -18.0:  0
Max Rain: 13.2 on day 10
Days of Rain: 15 (>= 0.2 mm)  8 (>= 2.0 mm)  0 (>= 20.0 mm)
Heat Base: 18.3  Cool Base: 18.3  Method: Integration