NOAA-Style Climate Reports


Report for 2013 January
                   Monthly Climatological Summary for Jan 2013

Name: Naas South   City: Naas   State: Kildare
Elevation: 116 m  Lat: N 54° 12' 28"   Lon: W 006° 40' 35"

                  Temperature (°C), Rain (mm), Wind Speed (km/h)

                                      Heat  Cool        Avg
    Mean                              Deg   Deg         Wind                 Dom
Day Temp  High   Time   Low    Time   Days  Days  Rain  Speed High   Time    Dir
----------------------------------------------------------------------------------
 1   5.5   8.9   08:58   0.9   09:05  12.8   0.0   0.2   4.2  24.1   03:30     S
 2  10.8  11.9   13:57   8.8   09:00   7.5   0.0   0.2   4.6  20.9   16:39     S
 3  10.2  11.7   13:05   7.4   05:36   8.1   0.0   0.0   4.8  22.5   12:16   SSE
 4   9.6  10.0   16:01   8.7   05:33   8.7   0.0   0.0   7.7  29.0   22:00   SSE
 5   9.7  10.9   13:02   6.4   00:23   8.6   0.0   0.2   7.7  30.6   12:11   SSE
 6   9.5  10.1   14:09   8.8   10:20   8.8   0.0   2.4   7.8  30.6   13:11    SE
 7  10.6  11.2   05:22   9.1   08:59   7.7   0.0   5.4   9.7  35.4   20:18   SSE
 8   3.1   9.4   14:34  -2.9   08:42  15.2   0.0   0.2   3.7  11.3   14:47     W
 9   0.9   5.9   13:26  -3.4   01:48  17.4   0.0   0.4   0.0   4.8   13:37   ESE
10   3.6   7.3   14:29   1.0   05:36  14.7   0.0   0.8   0.4  12.9   15:15    SE
11   6.2   8.6   15:37   3.6   09:00  12.1   0.0   0.2   3.1  19.3   03:03     E
12   1.6   6.7   11:00  -3.4   05:18  16.7   0.0   0.0   5.3  29.0   12:00   NNE
13   2.6   4.6   06:27  -2.3   09:00  15.6   0.0   1.6   0.0  12.9   06:15   WNW
14   1.5   5.5   14:00  -2.1   07:25  16.7   0.0   0.4   2.4  30.6   16:27    NW
15   2.0   4.1   02:11  -1.9   09:01  16.3   0.0   0.4   0.1   9.7   01:25     S
16   4.8   6.1   00:31   3.3   09:00  13.5   0.0   3.6   3.6  29.0   20:08     S
17   6.0   8.2   15:32   2.6   07:40  12.3   0.0   3.6   6.5  49.9   22:54     S
18   3.7   5.2   12:29   2.0   08:55  14.6   0.0   8.2   7.8  46.7   09:11   SSE
19   1.5   2.9   14:14   0.7   18:08  16.8   0.0   0.6   1.0  12.9   08:15   ESE
20   1.2   1.8   13:30   0.3   08:05  17.0   0.0   0.2   1.9  12.9   12:19    SE
21  -0.7   2.3   14:44  -4.9   08:36  18.9   0.0   0.4   0.7   9.7   13:30    NE
22  -0.5   1.7   14:35  -4.3   09:00  18.8   0.0   0.0   0.7  11.3   15:13    NE
23   1.9   3.8   12:21   0.7   05:37  16.4   0.0   0.2   1.3  14.5   15:34   ESE
24   4.9   6.1   12:42   2.0   09:00  13.4   0.0   2.8   3.5  37.0   01:59   SSW
25   5.4   8.2   15:39   1.8   05:39  12.9   0.0  15.8  12.7  59.5   14:13    SW
26   7.6  11.2   20:29   2.8   09:00  10.7   0.0   4.8  11.1  61.2   23:59    SW
27   2.8   6.4   12:58   1.3   01:48  15.4   0.0   3.4   8.9  43.5   13:16    SW
28   8.1  10.7   14:50   5.1   09:00  10.2   0.0   1.2  13.2  63.4   11:53    SW
29   8.3  12.8   12:32   5.2   06:05  10.0   0.0   3.6  10.2  43.5   12:05   WSW
30   6.6   8.7   00:28   4.3   07:38  11.7   0.0   4.6   9.5  46.7   23:59   WSW
31   5.6   9.6   13:39   1.9   07:58  12.7   0.0   0.0   9.5  32.2   12:01   WSW
----------------------------------------------------------------------------------
     5.0  12.8    29    -4.9    21   412.2   0.0  65.4   5.3  63.4    28     SSW

Max >=  27.0:  0
Max <=   0.0:  0
Min <=   0.0:  8
Min <= -18.0:  0
Max Rain: 15.8 on day 25
Days of Rain: 26 (>= 0.2 mm)  11 (>= 2.0 mm)  0 (>= 20.0 mm)
Heat Base: 18.3  Cool Base: 18.3  Method: Integration