NOAA-Style Climate Reports


Report for 2013
                   Annual Climatological Summary for 2013

Name: Naas South   City: Naas   State: Kildare
Elevation: 116 m  Lat: N 54° 12' 28"   Lon: W 006° 40' 35"

                  Temperature (°C), Heat Base: 18.3  Cool Base: 18.3
                          Dep.  Heat  Cool                       Max  Max  Min  Min
        Mean  Mean        From  Deg   Deg                        >=   <=   <=   <=
 YR MO  Max   Min   Mean  Norm  Days  Days  Hi  Date  Low  Date 27.0  0.0  0.0 -18.0
------------------------------------------------------------------------------------
 13  1   7.5   2.0   5.0   0.0   412     0  12.8  29  -4.9   21    0    0    8    0
 13  2   7.4   1.0   4.1   0.0   395     0  11.2  13  -4.3   23    0    0   10    0
 13  3   6.7   0.1   3.2   0.0   467     0  13.5   8  -4.2   15    0    0   15    0
 13  4  11.5   3.2   7.2   0.0   329     0  17.6  23  -5.9    5    0    0    5    0
 13  5  15.3   5.7  10.4   0.0   241     0  20.3  29  -0.4   17    0    0    1    0
 13  6  19.3   8.8  14.1   0.0   136     8  24.3   9   4.1    1    0    0    0    0
 13  7  24.5  12.7  18.5   0.0    55    62  31.8  12   8.5    5    8    0    0    0
 13  8  20.6  11.0  15.9   0.0    83    11  24.1  14   0.0   24    0    0    2    0
 13  9  18.0   9.3  13.3   0.0   155     6  23.6  21   1.3    6    0    0    0    0
 13 10  15.0   8.5  11.7   0.0   205     0  19.9   5   1.0   10    0    0    0    0
 13 11   8.9   3.0   6.0   0.0   365     0  13.4  11  -4.4   23    0    0    5    0
 13 12   9.3   3.5   6.5   0.0   365     0  13.6  12  -0.6   25    0    0    2    0
------------------------------------------------------------------------------------
        13.7   5.7   9.7   0.0  3212    88  31.8 Jul  -5.9  Apr    8    0   48    0

                                Precipitation (mm)

              Dep.   Max        Days of Rain
              From   Obs.           >=
 YR MO Total  Norm   Day Date  0.2  2.0 20.0
---------------------------------------------
 13  1  65.4   0.0  15.8  25    26   11    0
 13  2  52.2   0.0  13.2  10    15    8    0
 13  3  26.2   0.0   9.4   6    15    2    0
 13  4  54.6   0.0  13.6  24    18    9    0
 13  5  45.4   0.0  16.4  27    22    7    0
 13  6  38.6   0.0   7.0  12    14    7    0
 13  7  46.0   0.0  15.4  29     9    5    0
 13  8  49.0   0.0  17.8  15    19    5    0
 13  9  46.8   0.0  11.4  12    16    6    0
 13 10 111.6   0.0  22.4  16    26   12    2
 13 11  33.0   0.0   5.4   2    19    7    0
 13 12  86.4   0.0  21.8  30    23   12    1
---------------------------------------------
       655.2   0.0  22.4  Oct  222   91    3

                                Wind Speed (km/h)
                          Dom
 YR MO   Avg.  Hi   Date  Dir
------------------------------
 13  1   5.3  63.4   28   SSW
 13  2   5.0  49.9    5   NNE
 13  3   8.0  56.3   22     E
 13  4   6.7  57.9   17     S
 13  5   5.5  49.9    9   NNW
 13  6   4.2  48.3   14     W
 13  7   2.9  35.4    2   SSE
 13  8   3.9  38.6    1    SW
 13  9   3.5  41.8   15     W
 13 10   5.0  49.9   26   SSW
 13 11   3.9  59.5    2   WSW
 13 12  10.5  74.0   26    SW
------------------------------
         5.4  74.0  Dec    SW