NOAA-Style Climate Reports


Report for 2012 December
                   Monthly Climatological Summary for Dec 2012

Name: Naas South   City: Naas   State: Kildare
Elevation: 116 m  Lat: N 54° 12' 28"   Lon: W 006° 40' 35"

                  Temperature (°C), Rain (mm), Wind Speed (km/h)

                                      Heat  Cool        Avg
    Mean                              Deg   Deg         Wind                 Dom
Day Temp  High   Time   Low    Time   Days  Days  Rain  Speed High   Time    Dir
----------------------------------------------------------------------------------
 1   1.6   5.1   12:33  -1.7   01:17  16.7   0.0   0.2   1.3   9.7   11:49   ESE
 2   6.4   9.4   22:14   2.2   09:00  11.9   0.0   7.2   1.6  25.7   03:56   SSE
 3   3.2   6.8   12:05   0.6   08:21  15.0   0.0   0.4   1.4  17.7   13:10    SW
 4   3.0   5.9   13:49  -2.6   07:57  15.3   0.0   0.4   1.2  16.1   10:50     W
 5   0.7   3.3   14:33  -2.2   09:00  17.6   0.0   0.8   0.7  19.3   05:14     E
 6   3.1   6.3   17:35   1.1   00:49  15.2   0.0  10.4   7.0  41.8   17:56   SSW
 7   1.6   6.7   13:38  -2.8   05:10  16.7   0.0   0.0   3.9  33.8   15:01   WNW
 8   5.6   6.6   19:07   0.8   09:00  12.7   0.0   1.8   0.5  14.5   01:15    SW
 9   1.8   7.2   12:40  -4.2   07:55  16.5   0.0   0.2   1.8  12.9   12:23     W
10  -1.5   3.0   14:43  -4.6   03:53  19.8   0.0   0.2   0.1   4.8   12:06   NNW
11   1.0   4.0   13:25  -2.3   09:00  17.3   0.0   0.2   0.4   9.7   13:55   ESE
12   4.0   6.2   13:00  -1.2   05:50  14.3   0.0   0.0   3.5  20.9   14:20   ESE
13   4.4   7.2   04:13  -0.2   09:00  13.8   0.0   1.4   5.2  41.8   07:32     E
14   6.4   8.9   14:07   4.4   22:37  11.9   0.0   0.6   8.2  32.2   10:40    SE
15   5.7   8.3   13:30   3.9   03:24  12.6   0.0   0.0   6.8  20.9   06:52    SE
16   6.4   8.7   12:35   4.9   05:19  11.9   0.0   3.6   4.6  22.5   12:43     E
17   5.8   8.0   12:56   3.6   04:04  12.5   0.0   2.0   2.0  19.3   13:07   WSW
18   5.3   8.6   07:46   1.7   16:32  13.0   0.0   0.4   1.8  46.7   05:57   ESE
19   7.4  10.1   13:14   3.8   04:42  10.8   0.0   1.0   7.8  40.2   10:03   ESE
20   6.6   7.6   10:04   4.9   08:59  11.7   0.0   1.2   1.3   9.7   11:20   WSW
21   8.0  11.3   08:02   4.6   09:17  10.3   0.0   6.2   3.0  35.4   23:31    SE
22  10.9  13.1   13:27   6.4   08:29   7.3   0.0   0.8   9.3  45.1   02:01     S
23   7.2   8.7   11:23   5.7   17:43  11.1   0.0   1.2   8.6  27.4   10:33   SSE
24   6.5   8.8   14:09   4.9   20:07  11.8   0.0   0.2   6.5  19.3   09:35   SSE
25   4.9   7.2   14:05   2.3   20:21  13.3   0.0   3.0   3.0  20.9   17:53     S
26   5.8   8.8   14:06   3.3   08:31  12.5   0.0   5.8   7.3  35.4   13:30     S
27   6.6  10.6   07:46   3.3   09:00  11.7   0.0   2.6   3.7  40.2   01:14   SSE
28  10.1  11.7   20:13   6.9   08:51   8.2   0.0   4.6  15.5  60.2   18:49   SSE
29   4.0   7.2   09:53   1.6   02:42  14.3   0.0   3.4   8.4  35.4   01:03     S
30   8.8  10.5   23:14   4.2   09:00   9.5   0.0   5.2  10.2  43.5   00:14     S
31   4.2   8.8   09:00   1.1   08:55  14.0   0.0   1.2   6.7  19.3   17:35   SSW
----------------------------------------------------------------------------------
     5.0  13.1    22    -4.6    10   411.2   0.0  66.2   4.6  60.2    28     SSE

Max >=  27.0:  0
Max <=   0.0:  0
Min <=   0.0:  9
Min <= -18.0:  0
Max Rain: 10.4 on day 6
Days of Rain: 28 (>= 0.2 mm)  11 (>= 2.0 mm)  0 (>= 20.0 mm)
Heat Base: 18.3  Cool Base: 18.3  Method: Integration