NOAA-Style Climate Reports


Report for 2012 November
                   Monthly Climatological Summary for Nov 2012

Name: Naas South   City: Naas   State: Kildare
Elevation: 116 m  Lat: N 54° 12' 28"   Lon: W 006° 40' 35"

                  Temperature (°C), Rain (mm), Wind Speed (km/h)

                                      Heat  Cool        Avg
    Mean                              Deg   Deg         Wind                 Dom
Day Temp  High   Time   Low    Time   Days  Days  Rain  Speed High   Time    Dir
----------------------------------------------------------------------------------
 1   4.3   7.0   13:15   1.8   06:50  14.0   0.0   1.4   3.2  29.0   14:16     S
 2   3.3   8.8   12:10   0.3   06:12  15.0   0.0   0.8   4.7  25.7   14:13   SSW
 3   5.4   7.4   12:50   2.7   09:00  12.9   0.0   3.4   4.2  30.6   03:50   ESE
 4   4.8   9.5   11:38  -1.0   07:59  13.4   0.0   3.0   6.5  22.5   13:28     N
 5   5.5   9.0   13:36   1.3   22:30  12.8   0.0   0.2   1.2  12.9   14:26     W
 6   8.6  10.4   15:07   7.4   17:30   9.6   0.0   0.0   1.7  16.1   12:41    SW
 7   8.8  11.0   14:53   6.0   07:40   9.3   0.0   3.0   2.4  17.7   11:30   SSW
 8   8.6  10.8   12:43   6.6   09:00   9.7   0.0   7.6   2.3  32.2   08:03   SSE
 9   5.7   9.4   10:31   2.6   04:06  12.6   0.0   1.6   6.8  25.7   09:39   SSE
10   3.5   8.0   14:21   0.3   05:23  14.8   0.0   0.4   2.7  14.5   13:16    SW
11   7.4  11.2   08:55   2.5   09:00  10.9   0.0   3.2   0.5  29.0   03:59   ESE
12  12.3  13.3   12:35  11.2   09:00   6.0   0.0   0.6   4.0  24.1   06:24   ESE
13  11.9  13.3   13:13  10.3   07:59   6.3   0.0   2.6   7.8  37.0   15:36    SE
14   9.9  13.4   12:36   6.7   23:15   8.4   0.0   0.0   6.0  22.5   12:18    SE
15   7.9  12.2   12:25   4.1   03:07  10.4   0.0   0.0   2.2  14.5   12:32    SE
16   6.1   8.2   14:59   1.1   07:43  12.2   0.0   1.2   0.1   6.4   03:57     W
17   3.2   8.1   13:44   0.7   06:06  15.1   0.0   0.6   0.8  19.3   15:56    SW
18   8.1  11.3   08:23   2.1   09:00  10.2   0.0  12.8   7.2  56.3   21:32   ESE
19  11.2  12.9   12:19   9.6   20:26   7.1   0.0   0.2  14.9  43.5   09:10    SE
20   7.8  12.5   10:10   4.1   04:00  10.3   0.0   0.0  10.8  43.5   12:35    SE
21   9.6  11.3   04:19   5.9   09:09   8.7   0.0  12.6   7.8  55.4   04:16    SE
22   4.9   7.2   09:00   3.2   05:35  13.4   0.0   2.8   9.8  25.7   09:50   ESE
23   2.8   7.7   14:06  -2.0   06:52  15.5   0.0   0.0   2.0  16.1   12:38    SE
24   2.5   3.8   17:09  -1.3   09:00  15.8   0.0   5.2   1.3  14.5   22:46    NW
25   4.3   5.3   13:39   1.4   09:00   8.3   0.0  16.6   5.4  35.4   17:50   NNW
26   5.0   7.4   13:20   3.3   22:49  13.3   0.0   4.2  10.5  38.6   13:21   WNW
27   2.5   5.8   13:26  -1.7   22:58  15.8   0.0   0.0   3.5  19.3   10:58   WNW
28   0.5   4.6   14:05  -2.9   05:17  17.8   0.0   0.4   0.4  11.3   14:18   WNW
29   0.3   3.6   13:47  -2.2   03:07  24.8   0.0   0.0   0.0  11.3   06:06   ESE
30   2.5   7.3   13:55  -1.6   21:10  15.8   0.0   0.4   0.6  11.3   09:00    NE
----------------------------------------------------------------------------------
     6.0  13.4    14    -2.9    28   370.2   0.0  84.8   4.4  56.3    18      SE

Max >=  27.0:  0
Max <=   0.0:  0
Min <=   0.0:  7
Min <= -18.0:  0
Max Rain: 16.6 on day 25
Days of Rain: 23 (>= 0.2 mm)  12 (>= 2.0 mm)  0 (>= 20.0 mm)
Heat Base: 18.3  Cool Base: 18.3  Method: Integration