NOAA-Style Climate Reports


Report for 2012 October
                   Monthly Climatological Summary for Oct 2012

Name: Naas South   City: Naas   State: Kildare
Elevation: 116 m  Lat: N 54° 12' 28"   Lon: W 006° 40' 35"

                  Temperature (°C), Rain (mm), Wind Speed (km/h)

                                      Heat  Cool        Avg
    Mean                              Deg   Deg         Wind                 Dom
Day Temp  High   Time   Low    Time   Days  Days  Rain  Speed High   Time    Dir
----------------------------------------------------------------------------------
 1  10.7  14.8   15:07   8.6   22:58   7.6   0.0   4.8   3.2  24.1   14:24   SSE
 2   9.2  13.9   13:17   5.9   07:30   9.1   0.0   2.2   3.3  22.5   18:18    SE
 3   8.4  12.0   13:57   5.7   20:52   9.9   0.0   3.6   2.5  20.9   10:32   WSW
 4   9.1  13.7   13:05   5.9   06:31   9.1   0.0   2.8   1.5  16.1   15:24   ESE
 5   6.9  12.1   14:21   1.4   07:19  11.4   0.0   0.2   0.6  17.7   13:24    SW
 6   8.1  14.0   14:42   1.4   06:54  10.2   0.0   0.0   0.1   8.0   13:40    NW
 7  10.6  14.3   13:33   9.0   10:00   7.7   0.0   5.0   1.8  20.9   16:58    NE
 8   8.4  12.5   12:39   4.7   03:10   9.9   0.0   0.2   6.0  29.0   13:17     N
 9   9.2  13.4   14:29   4.1   21:46   9.0   0.0   0.0   3.1  17.7   15:09     N
10  13.7  15.2   15:54  10.1   10:00   4.6   0.0   3.6   1.9  22.5   23:17   ESE
11   7.2  12.8   10:00   1.8   06:04  11.1   0.0  10.8   2.7  16.1   14:38   WNW
12   6.1  12.7   13:41   1.2   06:28  12.2   0.0   1.0   0.9  16.1   14:28   SSW
13   6.0  12.6   15:12   2.2   04:37  12.3   0.0   0.2   0.3  11.3   15:49   WSW
14   7.5   9.8   16:43   5.7   10:00  10.8   0.0   3.4   0.5  11.3   14:06     W
15   7.9   9.9   14:51   5.9   08:52  10.4   0.0   7.0   0.8  30.6   02:06   SSW
16   9.3  12.0   16:01   6.8   10:00   9.0   0.0  10.6   4.1  29.0   04:27     E
17  10.4  12.5   14:42   8.7   08:20   7.9   0.0   6.6   8.3  40.2   16:22    SE
18   9.6  14.2   15:03   6.2   03:41   8.7   0.0   0.2   5.0  25.7   10:41    SE
19   9.9  12.0   15:19   8.8   05:29   8.4   0.0   0.2   0.4   9.7   13:52   SSE
20  10.3  14.4   14:38   4.6   07:45   8.0   0.0   0.2   2.7  19.3   13:30    SE
21   9.0  15.0   13:08   3.7   08:07   9.3   0.0   0.2   2.6  20.9   12:44   ENE
22  12.0  14.3   14:05   7.7   10:00   6.3   0.0   0.0   2.4  22.5   16:18     N
23  11.6  13.2   13:51  10.8   00:15   6.7   0.0   0.2   6.2  22.5   17:10     N
24  11.8  12.4   15:44  10.8   08:32   6.5   0.0   0.2   9.8  37.0   00:27   NNE
25   9.3  11.6   14:58   5.5   09:21   8.9   0.0   0.2  10.8  33.8   19:19   NNE
26   2.1   7.7   12:15  -3.5   08:15  15.8   0.0   0.0   6.4  27.4   12:48    NW
27   6.4   8.3   16:24   2.4   10:00  11.8   0.0   3.8   1.3  17.7   04:23     W
28   7.0   8.1   14:12   5.0   07:19  11.3   0.0   3.8   2.1  17.7   14:38    SE
29   4.6   7.9   14:57   1.2   01:22  13.7   0.0   0.2   0.3   9.7   19:49   WNW
30   7.4   9.4   13:13   4.6   09:00  10.8   0.0   8.2   4.0  32.2   03:47   SSE
31   3.1   7.1   14:35   0.2   02:28  14.5   0.0   0.8   4.6  16.1   11:59     S
----------------------------------------------------------------------------------
     8.5  15.2    10    -3.5    26   302.9   0.0  80.2   3.2  40.2    17     ENE

Max >=  27.0:  0
Max <=   0.0:  0
Min <=   0.0:  1
Min <= -18.0:  0
Max Rain: 10.8 on day 11
Days of Rain: 27 (>= 0.2 mm)  14 (>= 2.0 mm)  0 (>= 20.0 mm)
Heat Base: 18.3  Cool Base: 18.3  Method: Integration