NOAA-Style Climate Reports


Report for 2012 September
                   Monthly Climatological Summary for Sep 2012

Name: Naas South   City: Naas   State: Kildare
Elevation: 116 m  Lat: N 54° 12' 28"   Lon: W 006° 40' 35"

                  Temperature (°C), Rain (mm), Wind Speed (km/h)

                                      Heat  Cool        Avg
    Mean                              Deg   Deg         Wind                 Dom
Day Temp  High   Time   Low    Time   Days  Days  Rain  Speed High   Time    Dir
----------------------------------------------------------------------------------
 1  18.0  21.2   15:29   0.0   10:28   0.5   0.4   0.0   3.3  20.9   14:50   SSE
 2  16.5  21.2   14:08  11.6   23:53   2.2   0.4   0.4  ----   9.7   00:32     W
 3  19.1  23.4   17:32  10.9   00:37   0.5   1.1   0.0  ----  16.1   12:25   ESE
 4  15.8  20.1   13:32   8.5   23:59   1.7   0.1   0.0  ----  14.5   17:23   WNW
 5  12.2  20.3   16:52   5.8   03:42   6.1   0.1   0.0  ----  11.3   11:37    NW
 6  18.1  22.2   17:13   9.7   00:00   0.3   0.2   0.2  ----  16.1   17:26   WSW
 7  18.2  18.8   18:27   0.0   18:27   0.0   0.0   0.0  ----   1.6   18:31     E
 8  16.8  21.2   15:26   0.0   09:32   1.4   0.5   0.0  ----  22.5   19:17   ESE
 9  16.6  19.9   15:12  10.7   00:51   1.1   0.1   4.0  ----  29.0   12:21   SSE
10  12.8  14.7   10:08   9.6   23:10   5.5   0.0  11.2  ----  19.3   13:42    SW
11  10.3  14.2   17:10   6.8   06:53   8.0   0.0   0.2  ----  20.9   15:21    SW
12  11.3  16.2   16:10   5.4   23:50   2.7   0.0   2.8  ----  24.1   18:32   WNW
13  12.0  18.2   15:57   4.9   01:51   6.3   0.0   0.0  ----  30.6   19:25   SSW
14  14.3  14.3   00:00  14.2   00:13   0.1   0.0   0.0  ----  19.3   00:00    SW
15  15.6  16.7   14:47   0.0   14:47   0.5   0.0   0.0  ----  12.9   15:05   WSW
16  12.9  17.4   14:20   0.0   11:50   2.7   0.0   5.2  ----  20.9   16:20   WSW
17  10.5  15.4   15:43   7.8   01:16   7.8   0.0   4.6  ----  20.9   14:20   SSE
18   9.4  14.6   16:22   5.6   23:33   8.9   0.0   0.8  ----  19.3   13:29   WNW
19   9.2  15.9   14:42   2.8   06:18   8.5   0.0   1.0  ----  14.5   13:56    SW
20  11.3  14.7   16:27   9.4   05:06   3.9   0.0   1.0  ----  12.9   02:55    SE
21   9.6  13.7   13:13   2.1   23:59   5.3   0.0   7.2  ----  22.5   12:54     N
22   6.6  14.3   14:29  -0.8   06:10  11.7   0.0   0.0  ----  14.5   16:21   ESE
23   8.1  14.7   14:24   1.6   03:23  10.2   0.0   0.2  ----  22.5   15:35    NE
24   8.9   9.9   00:27   8.1   22:18   9.4   0.0  15.0  ----  19.3   00:37    NW
25   9.1  10.5   21:19   8.1   08:59   9.2   0.0  16.2  ----  32.2   21:33    NW
26  10.8  14.6   14:50   6.5   23:53   6.9   0.0   5.6  ----  41.8   13:20    NW
27   9.1  14.1   17:16   6.5   00:00   5.8   0.0   0.0  ----  19.3   21:14   SSE
28  11.0  14.7   15:33   7.4   23:41   7.3   0.0   1.8  ----  17.7   15:33   SSW
29  10.6  15.3   15:36   3.7   07:26   9.6   0.0   2.0   5.3  19.3   12:41    SE
30  11.9  16.0   17:10   8.9   06:47   6.4   0.0   1.8   4.5  27.4   10:28     S
----------------------------------------------------------------------------------
    12.6  23.4     3    -0.8    22   150.5   2.9  81.2   4.2  41.8    26     SSE

Max >=  27.0:  0
Max <=   0.0:  0
Min <=   0.0:  6
Min <= -18.0:  0
Max Rain: 16.2 on day 25
Days of Rain: 19 (>= 0.2 mm)  10 (>= 2.0 mm)  0 (>= 20.0 mm)
Heat Base: 18.3  Cool Base: 18.3  Method: Integration