NOAA-Style Climate Reports


Report for 2012 August
                   MONTHLY CLIMATOLOGICAL SUMMARY for AUG. 2012

NAME: Naas Weather   CITY: Naas   STATE: Kildare 
ELEV:    92 m  LAT: 53.212092  LONG: -6.674846

                   TEMPERATURE (°C), RAIN  (mm), WIND SPEED (km/hr)

                                      HEAT  COOL        AVG
    MEAN                              DEG   DEG         WIND                 DOM
DAY TEMP  HIGH   TIME   LOW    TIME   DAYS  DAYS  RAIN  SPEED HIGH   TIME    DIR
------------------------------------------------------------------------------------
 1  16.2  18.7   19:05  12.1   23:00   2.2   0.0   6.4   6.6  37.0   10:25   ESE
 2  15.1  21.0   14:35  10.0    5:30   3.4   0.3   0.0   3.9  22.5   15:05   ESE
 3  15.7  20.2   13:35  13.1    1:10   2.8   0.2   0.4   5.8  24.1    0:20    SE
 4  15.3  19.8   15:10  11.9   23:25   3.0   0.1   4.0   3.1  19.3   13:45     E
 5  13.6  18.3   14:55   9.3    1:45   4.7   0.0  10.6   1.1  12.9   12:40   WNW
 6  14.0  19.0   18:30  10.8    6:00   4.3   0.0   1.8   1.1  14.5   18:50     W
 7  15.5  20.2   17:20  11.9    6:25   3.0   0.2   0.4   1.0  11.3   10:15   ESE
 8  17.4  21.8   15:15  11.2    3:50   1.9   1.1   0.0   1.4  12.9   14:20   ESE
 9  19.6  25.8   13:30  14.7    5:35   1.0   2.2   0.2   0.5   9.7   19:05    SE
10  21.1  27.4   15:25  14.1    6:25   0.7   3.5   0.0   1.6  12.9   16:30    SE
11  18.7  22.3   11:30  13.9    2:30   0.9   1.2   0.0   4.2  25.7   11:00   ESE
12  17.1  20.0   16:40  15.0    6:15   1.4   0.1   4.4   4.0  24.1   18:30    SE
13  17.6  21.8   17:45  14.8   22:55   1.3   0.7   3.8   3.7  22.5    7:20    SE
14  17.7  22.8   15:20  13.8    4:00   1.7   1.1   0.0   4.0  20.9   15:00    SE
15  17.1  19.3    8:40  15.0   21:30   1.2   0.0   7.8   9.5  43.5   10:55   ENE
16
17
18
19
20
21
22
23
24
25
26
27
28
29
30
31
-------------------------------------------------------------------------------------
    16.8  27.4    10     9.3     5    33.5  10.8  39.8   3.4  43.5    15     ESE

Max >=  32.0:  0
Max <=   0.0:  0
Min <=   0.0:  0
Min <= -18.0:  0
Max Rain: 10.59 ON 05/08/12
Days of Rain: 10 (> .2 mm) 6 (> 2 mm) 0 (> 20 mm)
Heat Base:  18.3  Cool Base:  18.3  Method: Integration