NOAA-Style Climate Reports


Report for 2012 July
                   MONTHLY CLIMATOLOGICAL SUMMARY for JUL. 2012

NAME: Naas Weather   CITY: Naas   STATE: Kildare 
ELEV:    92 m  LAT: 53.212092  LONG: -6.674846

                   TEMPERATURE (°C), RAIN  (mm), WIND SPEED (km/hr)

                                      HEAT  COOL        AVG
    MEAN                              DEG   DEG         WIND                 DOM
DAY TEMP  HIGH   TIME   LOW    TIME   DAYS  DAYS  RAIN  SPEED HIGH   TIME    DIR
------------------------------------------------------------------------------------
 1  13.3  17.3   13:10  10.3    0:55   5.0   0.0   0.6   3.7  20.9   17:10   ESE
 2  16.0  21.3   16:10  13.2    4:55   2.5   0.1   8.6   2.4  17.7   19:10   ESE
 3  15.2  17.1   13:10  13.4    6:00   3.1   0.0   0.2   4.8  24.1   11:35   ESE
 4  15.6  19.7   13:15  11.9    5:45   2.8   0.1   3.8   2.6  17.7   10:35   ESE
 5  15.3  22.1   13:40   7.8    5:45   3.6   0.5   0.0   1.1  11.3   12:35   NNE
 6  13.7  16.8   18:10   8.4    3:25   4.7   0.0  17.8   3.7  32.2   23:25     N
 7  16.3  20.2   17:05  13.4    8:15   2.3   0.3   0.2   6.3  35.4    0:35   NNE
 8  13.1  14.3    0:05  11.1   23:55   5.2   0.0   2.6   1.4  12.9   22:00    NW
 9  12.5  17.1   17:20  10.3   00:00   5.8   0.0  13.4   1.1   9.7   15:55   WNW
10  13.2  19.8   14:45   9.4    5:35   4.9   0.0   1.2   2.4  25.7   15:00   WNW
11  12.6  17.4   14:15   7.6   23:30   5.7   0.0   5.2   2.3  22.5   14:05   WNW
12  11.9  18.0   11:45   5.9    2:25   6.4   0.0   4.6   2.3  14.5   14:15    SE
13  13.0  16.8   18:00  10.5    3:00   5.3   0.0   0.8   3.7  25.7   14:30   NNE
14  12.8  16.0   15:45   9.9    6:25   5.5   0.0   0.0   1.6  12.9   10:55   WNW
15  13.2  18.1   17:05   8.2    5:50   5.1   0.0   0.8   1.3  14.5   14:45   ESE
16  15.1  19.2   16:50  12.3    6:25   3.2   0.0  14.0   3.2  25.7   15:55    SE
17  17.6  23.6   16:35  13.3    4:05   2.0   1.3   5.8   2.4  19.3   15:50   ESE
18  15.7  21.1   14:20  12.6   00:00   2.8   0.2   3.2   2.9  27.4   16:55     W
19  12.8  17.1   15:55   9.8    5:50   5.5   0.0   0.2   1.8  14.5   12:20     W
20  13.6  18.7   17:00   8.4   23:55   4.7   0.0   0.0   1.4  12.9   11:05    NW
21  14.0  20.7   15:45   5.6    4:05   4.7   0.4   0.0   2.1  17.7   23:45   ESE
22  16.4  20.7   15:00  12.4    3:05   2.2   0.3   0.0   5.6  27.4   15:25   ESE
23  18.6  21.9   15:15  16.6   22:30   0.7   0.9   2.6   4.8  29.0   11:15   ESE
24  17.0  19.3   15:30  14.7   20:00   1.4   0.1  10.8   1.6  20.9   19:45     N
25  16.2  20.4   14:40  12.8   23:55   2.4   0.3   0.4   4.3  19.3   10:10   NNE
26  15.9  23.6   17:10   7.9    5:35   5.5   2.0   0.0   1.1  12.9   11:40   ESE
27  14.5  20.1   16:30   9.0    3:00   3.9   0.1   0.0   2.3  17.7   12:20   WNW
28  10.9  18.4   13:50   7.3    3:05   4.3   0.0   0.2   1.4  20.9   13:40     W
29                                                 8.6
30  14.1  18.1   18:25  11.4   23:35   1.1   0.0   0.0   2.1  16.1   18:40   ESE
31  14.1  17.5   16:30  11.2    3:10   4.3   0.0   7.0   3.4  29.0   23:45   ESE
-------------------------------------------------------------------------------------
    14.5  23.6    17     5.6    21   116.2   6.6 112.8   2.7  35.4     7     ESE

Max >=  32.0:  0
Max <=   0.0:  0
Min <=   0.0:  0
Min <= -18.0:  0
Max Rain: 17.81 ON 06/07/12
Days of Rain: 22 (> .2 mm) 13 (> 2 mm) 0 (> 20 mm)
Heat Base:  18.3  Cool Base:  18.3  Method: Integration