NOAA-Style Climate Reports


Report for 2012 June
                   MONTHLY CLIMATOLOGICAL SUMMARY for JUN. 2012

NAME: Naas Weather   CITY: Naas   STATE: Kildare 
ELEV:    92 m  LAT: 53.212092  LONG: -6.674846

                   TEMPERATURE (°C), RAIN  (mm), WIND SPEED (km/hr)

                                      HEAT  COOL        AVG
    MEAN                              DEG   DEG         WIND                 DOM
DAY TEMP  HIGH   TIME   LOW    TIME   DAYS  DAYS  RAIN  SPEED HIGH   TIME    DIR
------------------------------------------------------------------------------------
 1  16.2  22.3   13:45  13.1    7:15   2.6   0.5   1.6   1.1  11.3   10:50     N
 2  13.6  17.3   11:35  11.8   23:50   4.7   0.0   9.0   4.5  24.1   12:45   NNE
 3   9.6  11.8    0:05   7.7   00:00   8.7   0.0   5.4   9.2  38.6   14:25   NNE
 4  11.1  16.6   15:30   5.7    3:30   7.2   0.0   0.0   2.1  17.7   12:25   NNE
 5  11.2  14.4   14:35   8.0    1:15   7.1   0.0   1.4   1.6  19.3   14:10    SE
 6  14.2  19.2   17:20  10.3    5:55   4.1   0.0   3.6   1.3  12.9   21:55    SE
 7  12.7  15.4   14:35  11.1    7:45   5.6   0.0  14.6   3.4  24.1    9:35   ESE
 8  10.7  12.4    0:05   8.5   23:15   7.6   0.0  29.6   5.1  29.0   13:55   WNW
 9  12.2  18.8   18:05   8.3    3:50   6.1   0.0   0.4   2.3  16.1    4:10   WNW
10  13.6  19.0   14:30   4.9    5:15   4.8   0.0   0.0   0.8   9.7   17:30    SE
11  14.3  19.4   16:30  10.0    5:00   4.0   0.1   0.0   1.8  17.7   13:40   ENE
12  12.0  15.4   11:35   9.8    5:10   6.3   0.0  10.0   0.3  11.3   12:45   ESE
13  11.5  14.3   12:05   9.6    5:25   6.8   0.0   9.4   1.0  11.3   14:30   ESE
14  11.8  15.1   12:05   8.6    1:15   6.5   0.0   4.0   5.6  32.2   18:50   ESE
15  13.3  17.4   14:00  11.8    2:35   5.0   0.0   3.0   6.9  30.6    0:30    SE
16  12.6  14.7   10:55  10.6   00:00   5.8   0.0   8.8   3.5  22.5   17:05     W
17  12.3  17.7   16:05   8.8    5:10   6.0   0.0   0.0   1.6  12.9   16:15     W
18  12.4  17.6   15:45   5.9    5:00   5.9   0.0   1.8   1.8  19.3   11:25   ESE
19  12.9  19.3   14:20   5.8    4:25   5.4   0.1   0.2   1.4  16.1   16:00   ESE
20  14.2  19.7   16:05   8.9    3:50   4.2   0.1   5.4   2.9  17.7   14:40    SE
21  13.1  18.3   13:30  11.0    0:05   5.3   0.0  15.2   2.7  19.3    7:15   NNE
22  12.7  15.8   14:25   9.9   23:35   5.7   0.0   4.6   4.7  25.7   11:10   WNW
23  12.7  16.5   13:25   9.7    0:15   5.6   0.0   2.8   3.1  22.5   10:35    SE
24  14.4  20.2   19:15  10.5    0:05   3.9   0.1   0.2   1.6  16.1   14:50   WNW
25  14.9  21.0   15:25   7.9    3:55   3.7   0.3   0.0   0.8  12.9   12:30    SE
26  17.6  23.1   16:30  12.6    5:10   1.9   1.2   0.0   1.4  16.1   20:15    SE
27  18.5  23.5   14:20  15.1   23:50   1.0   1.2   7.4   2.7  16.1    4:40   ESE
28  16.9  20.9   15:05  13.7   00:00   1.8   0.5  15.8   4.2  27.4   16:45   ESE
29  15.4  20.2   17:45  12.4    5:35   3.0   0.1   6.6   3.7  20.9   12:55   ESE
30  12.9  15.7   16:45  10.2   22:40   5.4   0.0   8.6   2.7  24.1   12:55     W
-------------------------------------------------------------------------------------
    13.4  23.5    27     4.9    10   151.7   4.2 169.4   2.9  38.6     3     ESE

Max >=  32.0:  0
Max <=   0.0:  0
Min <=   0.0:  0
Min <= -18.0:  0
Max Rain: 29.59 ON 08/06/12
Days of Rain: 24 (> .2 mm) 18 (> 2 mm) 1 (> 20 mm)
Heat Base:  18.3  Cool Base:  18.3  Method: Integration