NOAA-Style Climate Reports


Report for 2012 May
                   MONTHLY CLIMATOLOGICAL SUMMARY for MAY. 2012

NAME: Naas Weather   CITY: Naas   STATE: Kildare 
ELEV:    92 m  LAT: 53.212092  LONG: -6.674846

                   TEMPERATURE (°C), RAIN  (mm), WIND SPEED (km/hr)

                                      HEAT  COOL        AVG
    MEAN                              DEG   DEG         WIND                 DOM
DAY TEMP  HIGH   TIME   LOW    TIME   DAYS  DAYS  RAIN  SPEED HIGH   TIME    DIR
------------------------------------------------------------------------------------
 1   9.2  10.5    0:10   8.3   22:05   9.1   0.0   9.0  12.9  41.8   14:15    NE
 2   9.8  12.4   15:40   7.8    2:05   8.5   0.0   0.0   6.9  22.5   16:00   NNE
 3   9.6  12.7   16:20   6.0   23:15   8.7   0.0   0.0   7.6  25.7   10:45   NNE
 4   8.2  11.0   15:55   5.1   23:50  10.1   0.0   0.0   6.1  25.7   15:40   NNE
 5   6.3   9.3   17:05   2.6   00:00  12.0   0.0   0.0   6.9  29.0   14:40   NNE
 6   5.6  11.0   13:55  -3.2    6:05  12.7   0.0   0.2   2.1  17.7   14:20     E
 7   8.8  14.1   14:15   5.7   00:00   9.5   0.0   5.2   4.5  37.0   12:50    SE
 8   9.3  14.2   12:55   4.4    0:40   9.0   0.0   1.2   1.8  16.1   15:55    NW
 9   6.7  12.3   12:55  -0.2    5:00  11.6   0.0   2.2   4.2  22.5   13:00   NNE
10   9.4  12.4   14:30   7.6   00:00   8.9   0.0   9.8   1.4  17.7   15:00   NNE
11   8.4  12.6   18:05   4.1   23:20   9.8   0.0   0.8   3.7  22.5   15:40   WNW
12   8.5  16.2   14:05  -0.6    5:45   9.8   0.0   0.0   1.6  16.1   11:55   WNW
13   9.7  16.2   16:35   3.7    1:25   8.7   0.0   0.0   4.5  40.2   16:35   ESE
14   8.7  13.2   14:10   4.5    5:15   9.6   0.0   1.4   4.7  30.6   17:25   WSW
15   7.0  13.1   14:55   1.5    4:30  11.3   0.0   0.2   5.5  41.8   15:05    NW
16   7.6  12.3   11:25   0.4    3:55  10.7   0.0   0.2   0.8  11.3   13:55   ESE
17   9.0  12.3   10:50   6.2    5:25   9.3   0.0   1.2   1.6  12.9   00:00    SE
18   8.6  12.2   15:05   6.8    2:45   9.7   0.0   0.6   6.6  29.0   16:55   NNE
19   8.2   9.9   17:45   5.2   00:00  10.1   0.0   0.4   5.3  24.1   12:40    NE
20  10.3  16.7   16:45   3.8    1:55   8.0   0.0   0.0   0.6  12.9   17:35    SE
21  13.7  19.4   13:00   5.7    6:30   4.7   0.1   0.0   1.4  14.5   22:55    SE
22  14.2  17.7   12:55   9.4    1:00   4.1   0.0   0.0   3.4  17.7    8:50    SE
23  15.5  20.8   15:15  10.5   00:00   3.2   0.4   0.0   2.4  16.1   10:45    SE
24  16.1  23.7   14:10   6.9    5:45   3.7   1.4   0.0   2.6  20.9   17:20   NNE
25  18.1  24.9   16:00  10.9    2:55   2.1   1.9   0.2   4.7  25.7   14:20   NNE
26  18.0  22.7   18:20  12.6    5:15   1.5   1.2   0.0   5.8  29.0   11:25    NE
27  18.2  24.8   15:50  10.4    4:05   2.1   2.0   0.0   4.0  25.7   13:55   NNE
28  16.6  22.6   12:45   9.9    5:25   2.6   0.9   0.2   2.4  24.1   17:15   ESE
29  14.4  18.9   19:45   6.7    3:20   3.9   0.0   0.0   1.0  11.3    7:00   ESE
30  15.3  21.2   15:55   9.6    1:15   3.3   0.3   0.8   0.6  11.3    4:05   ESE
31  14.3  16.7   18:30  11.9    4:55   4.0   0.0   9.4   0.5   8.0    8:00   ESE
-------------------------------------------------------------------------------------
    11.1  24.9    25    -3.2     6   232.3   8.2  43.0   3.8  41.8     1     NNE

Max >=  32.0:  0
Max <=   0.0:  0
Min <=   0.0:  3
Min <= -18.0:  0
Max Rain: 9.80 ON 10/05/12
Days of Rain: 17 (> .2 mm) 5 (> 2 mm) 0 (> 20 mm)
Heat Base:  18.3  Cool Base:  18.3  Method: Integration