NOAA-Style Climate Reports


Report for 2012 April
                   MONTHLY CLIMATOLOGICAL SUMMARY for APR. 2012

NAME: Naas Weather   CITY: Naas   STATE: Kildare 
ELEV:    92 m  LAT: 53.212092  LONG: -6.674846

                   TEMPERATURE (°C), RAIN  (mm), WIND SPEED (km/hr)

                                      HEAT  COOL        AVG
    MEAN                              DEG   DEG         WIND                 DOM
DAY TEMP  HIGH   TIME   LOW    TIME   DAYS  DAYS  RAIN  SPEED HIGH   TIME    DIR
------------------------------------------------------------------------------------
 1   6.6  14.0   15:25  -2.3    7:05  11.7   0.0   0.0   0.8   9.7   11:40   NNE
 2   8.0  10.7   15:50   6.1    5:10  10.3   0.0   1.8   0.5  12.9   19:20   NNE
 3   4.8   8.8   12:35   0.9   22:50  13.5   0.0   0.8   8.4  46.7   19:40   NNE
 4   3.7   7.5   16:00   0.0    4:45  14.6   0.0   0.2  18.2  54.7   15:45   NNE
 5   5.4   9.8   15:45  -2.3    6:40  12.9   0.0   0.0   3.7  24.1    0:15    NE
 6   7.4  11.5   13:40   2.1    5:55  10.9   0.0   0.0   1.3  14.5   19:20    NW
 7  10.6  14.8   13:15   7.7    7:10   7.8   0.0   0.2   3.1  19.3   13:20    NW
 8   9.6  11.9   13:45   7.4   00:00   8.7   0.0   0.6   2.7  22.5   17:50     W
 9   7.4  10.4   16:10   4.2   23:45  10.8   0.0   9.0   1.9  20.9   21:55     W
10   5.7  11.6   14:35   0.9    5:50  12.6   0.0   1.0   2.1  19.3   10:40     W
11   6.3  13.4   17:10  -0.2    6:10  12.0   0.0   1.2   1.4  19.3   14:10    NW
12   7.7  14.1   15:00   1.3    3:50  10.6   0.0   6.6   1.4  16.1   12:15   NNE
13   7.2  13.0   14:25   3.9   22:40  11.1   0.0   0.0   2.6  20.9   17:55    NE
14   5.1   9.8   12:45  -0.7   23:40  13.2   0.0   0.0   5.0  29.0   17:25    NE
15   4.2  11.2   17:15  -3.2    4:45  14.1   0.0   0.0   1.6  20.9   12:05   NNE
16   7.1  10.1   15:25   3.3    0:05  11.2   0.0   0.2   5.6  32.2   20:30    SE
17   7.2  10.9   13:30   3.6    6:35  11.1   0.0  12.6   4.2  30.6    0:15   ESE
18   6.6  11.1   16:05   4.1   22:30  11.7   0.0   4.8   3.5  22.5   14:20   NNE
19   7.1  14.3   15:45  -0.3    5:20  11.2   0.0   0.2   2.1  20.9   15:25    NW
20   6.9  12.2   13:05   2.7   23:30  11.4   0.0   1.8   1.4  19.3   13:10   WNW
21   7.9  12.9   15:00   2.8    1:05  10.4   0.0   0.2   2.1  20.9   14:05     W
22   8.0  12.9   12:30   4.4    0:30  10.3   0.0   5.2   1.0  11.3    7:05   WNW
23   7.7  10.9   17:00   4.7    6:10  10.6   0.0   5.6   4.3  27.4   15:55   NNE
24   7.0  13.7   13:55   2.9    3:40  11.3   0.0   6.2   1.3  19.3   15:20    SE
25   5.9   7.2    8:30   4.8    0:05  12.3   0.0  21.2  13.5  46.7   15:45    NE
26   6.8   9.4   18:05   5.7    4:15  11.5   0.0   8.6  14.0  38.6    0:40   NNE
27   6.2   9.2   16:15   2.1   23:55  12.1   0.0   1.8   8.7  29.0   12:25   NNE
28   5.8  11.1   12:45  -1.5    4:35  12.5   0.0   0.0   5.8  35.4   14:25    NE
29   4.9   7.4   16:00   3.3    4:15  13.4   0.0   7.6  19.2  56.3   13:05   NNE
30   9.0  12.5   18:50   4.1    0:05   9.3   0.0   2.4  14.8  38.6    0:40    NE
-------------------------------------------------------------------------------------
     6.8  14.8     7    -3.2    15   345.2   0.0  99.8   5.2  56.3    29     NNE

Max >=  32.0:  0
Max <=   0.0:  0
Min <=   0.0:  8
Min <= -18.0:  0
Max Rain: 21.21 ON 25/04/12
Days of Rain: 23 (> .2 mm) 11 (> 2 mm) 1 (> 20 mm)
Heat Base:  18.3  Cool Base:  18.3  Method: Integration