NOAA-Style Climate Reports


Report for 2012 March
                   MONTHLY CLIMATOLOGICAL SUMMARY for MAR. 2012

NAME: Naas Weather   CITY: Naas   STATE: Kildare 
ELEV:    92 m  LAT: 53.212092  LONG: -6.674846

                   TEMPERATURE (°C), RAIN  (mm), WIND SPEED (km/hr)

                                      HEAT  COOL        AVG
    MEAN                              DEG   DEG         WIND                 DOM
DAY TEMP  HIGH   TIME   LOW    TIME   DAYS  DAYS  RAIN  SPEED HIGH   TIME    DIR
------------------------------------------------------------------------------------
 1   9.4  14.1   12:45   4.6   22:00   8.9   0.0   0.0   2.7  19.3    4:15    SE
 2   8.6  11.6   12:35   6.5   18:50   9.7   0.0   0.0   3.9  24.1   22:45    SE
 3   7.9  11.9   14:40   3.7   00:00  10.4   0.0   6.0   4.2  29.0    1:30    SE
 4   3.3   8.2   15:10  -0.1    7:35  15.0   0.0   1.2   2.1  25.7   14:15   WNW
 5   4.7  10.3   12:50  -0.3    7:10  13.6   0.0   0.0   1.1  14.5   12:00   WNW
 6   6.4  10.6   23:55   0.7    1:50  11.8   0.0   1.2   6.0  30.6   11:45    SE
 7   6.9  10.7    0:10   3.1   23:10  11.4   0.0   3.0   4.8  30.6   11:15   WNW
 8   7.6  12.2   15:55   2.9    7:10  10.7   0.0   0.0   1.9  14.5   10:25   ESE
 9  10.9  13.9   13:45   8.1    0:05   7.4   0.0   0.0   3.1  20.9   11:15   ESE
10  11.1  12.8   13:45   9.6   23:50   7.2   0.0   0.0   1.6  16.1   12:20   WNW
11   9.4  10.9   15:50   7.6    7:35   8.8   0.0   0.0   0.5   8.0   12:55    SE
12  10.0  11.9   12:45   8.6   23:50   8.3   0.0   0.0   0.2   6.4   12:50    SE
13   7.2   8.6    0:05   4.7   23:50  11.1   0.0   0.0   0.8   9.7   13:35    SE
14   6.3   9.7   14:55   1.9    3:30  12.0   0.0   0.0   1.1  14.5   10:55    SE
15   8.9  12.2   14:25   6.1    1:50   9.4   0.0   0.0   2.3  17.7   22:40    SE
16   8.7  10.3    9:05   4.7   00:00   9.6   0.0   8.0   2.4  22.5    5:15    SE
17   5.0  11.1   12:50   1.7    2:15  13.3   0.0   9.8   1.0  19.3   14:00   NNE
18   5.6  11.7   14:50   0.6    6:55  12.7   0.0   2.0   1.3  20.9   12:10   WNW
19   7.0  12.9   13:55   0.4    2:10  11.3   0.0   0.2   1.6  17.7   16:30   ESE
20   9.7  13.1   15:00   6.4    4:50   8.6   0.0   0.0   1.9  17.7   13:25   ESE
21   8.4  10.4   12:45   3.0   23:50   9.8   0.0   0.0   1.4  14.5   14:00    SE
22   9.8  16.0   15:15   3.9    0:05   8.5   0.0   0.2   3.9  25.7   12:10   ESE
23   9.1  12.6   13:40   4.6   21:55   9.2   0.0   0.4   2.9  20.9    0:05    SE
24  13.1  19.4   15:30   4.7    3:55   5.2   0.0   0.0   4.5  24.1   15:45     S
25  14.0  20.6   16:05   5.1   00:00   4.4   0.3   0.0   3.2  22.5    1:10    SE
26  10.4  19.8   15:55   1.3    7:10   8.1   0.2   0.0   1.6  17.7   16:45   SSE
27  10.7  20.3   15:40   0.7    7:10   8.0   0.4   0.0   1.3  16.1   13:45   ESE
28  10.3  21.0   15:30   0.2    7:20   8.3   0.3   0.0   0.5   9.7   16:45   NNE
29   9.8  19.7   14:55   0.8    6:25   8.5   0.1   0.0   1.0  17.7   15:00    NW
30   9.5  12.4   16:25   6.9    0:05   8.8   0.0   0.0   3.1  17.7    9:05   NNW
31   8.5  11.8   15:05   1.8   23:45   9.8   0.0   0.0   3.2  19.3    8:30   NNE
-------------------------------------------------------------------------------------
     8.7  21.0    28    -0.3     5   300.1   1.3  32.0   2.3  30.6     6      SE

Max >=  32.0:  0
Max <=   0.0:  0
Min <=   0.0:  2
Min <= -18.0:  0
Max Rain: 9.80 ON 17/03/12
Days of Rain: 10 (> .2 mm) 5 (> 2 mm) 0 (> 20 mm)
Heat Base:  18.3  Cool Base:  18.3  Method: Integration