NOAA-Style Climate Reports


Report for 2012 February
                   MONTHLY CLIMATOLOGICAL SUMMARY for FEB. 2012

NAME: Naas Weather   CITY: Naas   STATE: Kildare 
ELEV:    92 m  LAT: 53.212092  LONG: -6.674846

                   TEMPERATURE (°C), RAIN  (mm), WIND SPEED (km/hr)

                                      HEAT  COOL        AVG
    MEAN                              DEG   DEG         WIND                 DOM
DAY TEMP  HIGH   TIME   LOW    TIME   DAYS  DAYS  RAIN  SPEED HIGH   TIME    DIR
------------------------------------------------------------------------------------
 1   0.3   4.2   13:05  -5.3   00:00  18.0   0.0   0.0   1.4  12.9    2:15   ESE
 2  -2.7   3.3   12:25  -7.3    7:30  21.0   0.0   0.2   0.6  12.9   11:40    SE
 3   0.9   4.8   00:00  -6.1    2:55  17.4   0.0   0.0   3.9  20.9   11:20    SE
 4   6.0   8.0   15:15   2.7   00:00  12.3   0.0   6.0   2.9  19.3   13:45    SE
 5   4.2   7.1   14:10   0.9    2:35  14.2   0.0   0.2   0.2   9.7   12:55   WSW
 6   5.9   8.1   14:05   1.2   22:25  12.4   0.0   0.6   0.2   8.0   16:05    SE
 7   2.4   7.2   13:00  -2.4    6:00  15.9   0.0   0.2   2.6  20.9   23:10    SE
 8   3.9   4.6   00:00   3.5   18:20  14.4   0.0   0.4   7.7  30.6    9:40    SE
 9   7.2   8.9   23:20   4.6    0:05  11.1   0.0   2.8   2.4  22.5    5:15   ESE
10   8.6  10.7   15:35   6.6   20:55   9.7   0.0   0.2   0.8  22.5   19:40    SE
11   6.1   6.8    0:05   5.3    8:35  12.2   0.0   3.2   3.5  20.9    8:20    SE
12   5.7   6.6   13:05   4.8    7:05  12.6   0.0   0.0   0.3  12.9   23:35   WNW
13   6.2   8.1   14:40   4.6    8:15  12.1   0.0   0.2   2.6  17.7    5:50   WNW
14   6.5   9.3   12:05   3.2    7:05  11.8   0.0   0.0   2.9  24.1   22:05   WNW
15   7.9  10.0   15:15   6.7   21:55  10.4   0.0   0.0   3.4  20.9    1:25    NW
16   8.2   9.6   17:55   6.2    4:50  10.1   0.0   0.0   2.6  17.7   13:05   WNW
17   9.7  11.3   14:05   7.8   00:00   8.6   0.0   1.4   2.7  22.5   21:40     W
18   4.9   7.8    0:05   0.4   00:00  13.4   0.0   3.4   4.0  29.0   14:00   WNW
19   2.7   7.6   14:05  -1.5    7:45  15.6   0.0   0.2   0.6   9.7    0:05     W
20   6.6   9.5   14:05   2.1    0:50  11.8   0.0   0.2   2.9  16.1   13:10    SE
21  10.0  12.7   13:15   8.2    0:05   8.3   0.0   0.0   3.7  20.9   20:05    SE
22  11.4  13.4   13:30   9.7    2:05   6.9   0.0   4.2   4.8  30.6    5:20   ESE
23  12.2  13.9   13:40  10.9    4:45   6.1   0.0   0.2   2.9  25.7   17:10    SE
24   9.4  11.7   14:40   5.6   22:50   8.9   0.0   1.2   1.8  17.7    0:10    NW
25   6.4  10.7   14:00   0.8    5:10  11.9   0.0   0.0   0.6  14.5   12:25   WNW
26   8.3  11.0   14:35   5.8    7:45  10.0   0.0   0.8   1.8  16.1   18:15    SE
27   9.9  11.2   16:20   8.9    1:30   8.4   0.0   1.4   1.6  14.5    3:25    SE
28  10.2  11.9   15:30   8.6   20:10   8.1   0.0   0.2   0.5  11.3    0:35   WSW
29   9.2  11.1   14:35   7.7    3:50   9.1   0.0   0.0   2.9  19.3    9:35    SE
-------------------------------------------------------------------------------------
     6.5  13.9    23    -7.3     2   342.9   0.0  27.2   2.4  30.6     8      SE

Max >=  32.0:  0
Max <=   0.0:  0
Min <=   0.0:  5
Min <= -18.0:  0
Max Rain: 5.99 ON 04/02/12
Days of Rain: 20 (> .2 mm) 5 (> 2 mm) 0 (> 20 mm)
Heat Base:  18.3  Cool Base:  18.3  Method: Integration