NOAA-Style Climate Reports


Report for 2012 January
                   MONTHLY CLIMATOLOGICAL SUMMARY for JAN. 2012

NAME: Naas Weather   CITY: Naas   STATE: Kildare 
ELEV:    92 m  LAT: 53.212092  LONG: -6.674846

                   TEMPERATURE (°C), RAIN  (mm), WIND SPEED (km/hr)

                                      HEAT  COOL        AVG
    MEAN                              DEG   DEG         WIND                 DOM
DAY TEMP  HIGH   TIME   LOW    TIME   DAYS  DAYS  RAIN  SPEED HIGH   TIME    DIR
------------------------------------------------------------------------------------
 1   6.2   9.2    0:05   2.1   22:30  12.2   0.0   0.2   2.9  19.3    6:05   ESE
 2   2.9   7.1   00:00   0.7    7:55  15.4   0.0   5.2   4.8  43.5   23:50     S
 3   6.2  11.3    4:45   2.9   12:00  12.1   0.0  10.0   8.9  48.3    0:20   WSW
 4   6.5   9.7   23:55   2.9    0:05  11.8   0.0   5.2   7.1  45.1   22:35     W
 5   7.6  10.0    0:45   2.7   23:40  10.8   0.0   0.4   7.4  43.5    3:45   WSW
 6   6.9  10.2   20:05   2.2    3:30  11.4   0.0   1.2   3.2  24.1   20:00   SSE
 7   7.3   9.2    0:05   4.8    8:45  11.0   0.0   0.0   2.7  24.1    0:10   WSW
 8   8.9  11.1   13:05   6.8    2:35   9.4   0.0   0.0   1.4  22.5   14:50   ESE
 9   8.4   9.5   13:00   5.4   19:40   9.9   0.0   0.2   1.1  19.3    6:20   WSW
10   8.8  10.4   14:45   6.7    3:30   9.4   0.0   0.6   2.1  16.1   10:00   ESE
11   9.9  11.3   13:15   9.1   19:35   8.3   0.0   2.0   1.9  17.7   15:00   WSW
12   7.3  10.6    2:35   0.2   23:05  11.0   0.0   1.4   2.6  27.4    2:30   WNW
13   2.2   7.1   14:30  -1.0    9:05  16.1   0.0   0.2   0.2   4.8   20:40    SE
14   4.6   6.8   13:45   0.3    3:25  13.5   0.0   0.2   3.5  27.4   21:50    SE
15   4.9   6.7   11:50   1.9   20:10  13.4   0.0   0.0   4.5  27.4   13:10    SE
16   5.1   6.7   13:35   3.3    4:25  13.3   0.0   0.0   4.5  24.1   12:50    SE
17   8.5  10.3   13:10   6.2    1:40   9.8   0.0   0.0   5.6  30.6   16:40   ESE
18   8.8  11.3    6:05   4.9   18:10   9.5   0.0   0.4   1.6  17.7    1:25   WSW
19   5.9   7.8   14:25   3.8   23:15  12.4   0.0   2.4   3.1  30.6   15:20   WSW
20   8.6  10.8   21:50   4.5    0:05   9.7   0.0   0.4   5.3  29.0    4:35     W
21   7.9  10.3    1:50   5.7   21:15  10.4   0.0   0.2   5.8  32.2    6:15     W
22   7.3   9.3    5:35   3.6   18:35  11.0   0.0   0.0   4.2  35.4    7:40     W
23   5.4   8.0   12:30   1.4   19:30  12.9   0.0   0.6   1.3  12.9    1:30     W
24   9.7  11.2   13:20   5.4    0:05   8.6   0.0   6.8   2.3  17.7    7:25    SE
25   7.8  10.6   12:15   1.5   00:00  10.5   0.0   8.8   4.7  37.0   12:25    SE
26   3.3   5.8   15:25   1.6    0:05  15.0   0.0   1.6   3.9  22.5   10:45    SE
27   3.2   6.6   15:20  -0.4   23:45  15.1   0.0   1.0   1.8  22.5   13:00   WSW
28   1.7   5.1   23:05  -2.8    4:55  16.6   0.0   0.8   0.8  11.3   23:20    SE
29   6.6   8.5   13:30   4.6   00:00  11.6   0.0  41.8   1.8  19.3    4:30   ESE
30   4.4   5.1   11:45   3.6   23:50  13.8   0.0   0.6   2.7  22.5   13:30    SE
31   3.4   4.4   11:30   2.5   23:35  14.8   0.0   0.0   2.6  14.5   10:45     E
-------------------------------------------------------------------------------------
     6.3  11.3     3    -2.8    28   370.9   0.0  92.3   3.4  48.3     3      SE

Max >=  32.0:  0
Max <=   0.0:  0
Min <=   0.0:  3
Min <= -18.0:  0
Max Rain: 41.81 ON 29/01/12
Days of Rain: 24 (> .2 mm) 8 (> 2 mm) 1 (> 20 mm)
Heat Base:  18.3  Cool Base:  18.3  Method: Integration