NOAA-Style Climate Reports


Report for 2011 December
                   MONTHLY CLIMATOLOGICAL SUMMARY for DEC. 2011

NAME: Naas Weather   CITY: Naas   STATE: Kildare 
ELEV:    92 m  LAT: 53.212092  LONG: -6.674846

                   TEMPERATURE (°C), RAIN  (mm), WIND SPEED (km/hr)

                                      HEAT  COOL        AVG
    MEAN                              DEG   DEG         WIND                 DOM
DAY TEMP  HIGH   TIME   LOW    TIME   DAYS  DAYS  RAIN  SPEED HIGH   TIME    DIR
------------------------------------------------------------------------------------
 1   2.7   6.1    0:05  -1.2   23:30  15.6   0.0   1.8   1.9  22.5    1:30   SSE
 2   3.9  10.1   22:55  -1.1    0:05  14.3   0.0   4.6   4.3  25.7   15:00   SSE
 3   7.2   9.7    0:05   5.2    9:00  11.1   0.0   0.2   3.5  19.3   14:20     W
 4   3.5   6.0    0:05   0.1   23:10  14.8   0.0   1.6   2.9  20.9   23:55   SSE
 5   2.1   4.7   14:40   0.6    2:45  16.2   0.0   0.2   3.1  24.1    0:50   SSE
 6   3.9   7.1   23:20   0.4    4:15  14.4   0.0   2.2   3.4  27.4   23:20   SSE
 7   4.2   6.5    0:05   2.1   18:05  14.1   0.0   1.2   5.0  29.0    3:30   WSW
 8   6.3  10.6    8:40   1.4   00:00  12.0   0.0   3.4   8.5  37.0    7:40   SSE
 9   1.7   4.3   13:20  -2.8   23:30  16.6   0.0   0.0   2.7  19.3   13:35   SSE
10   2.1   7.3   23:55  -3.1    0:25  16.2   0.0   0.2   4.0  27.4   22:05   SSE
11   4.3   7.4    0:55   0.7   20:50  14.0   0.0   2.6   2.9  22.5    0:45   SSE
12   4.7   9.1   19:40   1.6    2:05  13.6   0.0   6.4   6.4  45.1   16:00   SSE
13   2.2   4.8    0:05   0.8    9:25  16.1   0.0   3.0   8.0  38.6   10:30   SSE
14   1.9   4.2   13:20   0.3    4:00  16.4   0.0   1.8   4.5  24.1    6:20   SSE
15   1.7   4.9   13:30  -2.3   23:05  16.4   0.0   0.6   2.1  20.9   10:15   SSE
16   0.4   3.4   14:25  -3.4    5:00  17.9   0.0   0.4   1.4  20.9   11:25     W
17   1.6   4.3   14:45  -0.6   22:25  16.7   0.0   0.4   1.8  16.1    7:25   WSW
18   1.4   4.2   14:40  -2.0    2:15  16.9   0.0   0.2   0.5  11.3   11:00   WSW
19   6.1   8.9   13:55   1.6    0:10  12.3   0.0   7.8   1.9  17.7    7:25   ESE
20   6.6  10.3   23:35   4.3    8:00  11.8   0.0  10.0   1.6  17.7    1:50   WSW
21  10.7  11.4   14:40   9.2   20:30   7.6   0.0   0.2   2.9  20.9    2:10   WSW
22  10.3  11.5   13:35   8.3    7:30   8.0   0.0   0.0   3.2  22.5   20:40   ESE
23   5.7  11.1    0:55   0.7   00:00  12.6   0.0   6.8   2.3  22.5    0:15     W
24   6.4   9.4   23:50   0.7    0:05  11.9   0.0   1.2   3.1  19.3   20:05   ESE
25  11.4  12.8   19:55   9.4    0:05   6.8   0.0   0.0   3.7  20.9    2:20   ESE
26  10.9  12.3   11:25   9.3   19:20   7.3   0.0   0.0   4.3  22.5    8:40   ESE
27   9.3   9.8   13:40   8.7   23:15   9.0   0.0   3.8   4.5  33.8   20:55   ESE
28   5.4   8.7    0:05   3.3   21:35  12.9   0.0   1.6   4.7  25.7   11:40   WSW
29   6.7   8.7   11:55   4.3    0:05  11.6   0.0   9.2   5.3  30.6   13:15     W
30   8.9  11.6   15:30   6.2    0:15   9.3   0.0   4.8   2.6  20.9   15:10   WSW
31  10.9  12.6   13:10   9.1   21:15   7.4   0.0   0.4   3.1  35.4   17:55   ESE
-------------------------------------------------------------------------------------
     5.3  12.8    25    -3.4    16   401.8   0.0  76.7   3.6  45.1    12     SSE

Max >=  32.0:  0
Max <=   0.0:  0
Min <=   0.0:  8
Min <= -18.0:  0
Max Rain: 10.01 ON 20/12/11
Days of Rain: 27 (> .2 mm) 12 (> 2 mm) 0 (> 20 mm)
Heat Base:  18.3  Cool Base:  18.3  Method: Integration