NOAA-Style Climate Reports


Report for 2011 November
                   MONTHLY CLIMATOLOGICAL SUMMARY for NOV. 2011

NAME: Naas Weather   CITY: Naas   STATE: Kildare 
ELEV:    92 m  LAT: 53.212092  LONG: -6.674846

                   TEMPERATURE (°C), RAIN  (mm), WIND SPEED (km/hr)

                                      HEAT  COOL        AVG
    MEAN                              DEG   DEG         WIND                 DOM
DAY TEMP  HIGH   TIME   LOW    TIME   DAYS  DAYS  RAIN  SPEED HIGH   TIME    DIR
------------------------------------------------------------------------------------
 1   9.2  12.7   13:15   5.2    7:10   9.1   0.0   0.2   3.5  29.0   21:05    SE
 2  13.7  14.7   10:40  12.3    0:05   4.6   0.0   0.8  12.4  40.2    3:40    SE
 3  12.6  15.0   10:55  10.1   20:55   5.7   0.0   4.6   6.1  33.8   12:55   SSE
 4   7.9  13.4   12:45   2.8   23:15  10.3   0.0   0.2   0.2  11.3   13:20     W
 5   3.9  10.8   15:15   0.2    6:30  14.3   0.0   0.2   0.2   9.7   13:40    NW
 6   3.4  12.6   15:15  -1.6    6:45  14.8   0.0   0.2   0.2   8.0   13:45    SE
 7   4.6  13.1   15:10  -3.1    7:40  13.7   0.0   0.2   0.5  11.3   16:00    SE
 8  10.8  12.0   13:05   9.9    7:40   7.5   0.0   0.0   1.9  14.5   13:05   SSE
 9  12.1  14.4   12:40   9.8   20:15   6.2   0.0   2.4   5.0  27.4    7:35    SE
10  11.4  14.0   12:40   9.7    7:10   6.9   0.0   0.0   4.7  24.1   12:20    SE
11  12.6  14.1    8:20  10.6   00:00   5.7   0.0  20.0   9.3  35.4    3:20    SE
12  10.6  13.3   15:15   7.7    7:35   7.7   0.0   0.0   2.7  22.5    1:05    SE
13  14.1  16.7   12:05  11.8    0:05   4.2   0.0   0.0   5.8  35.4   15:40    SE
14  11.0  14.5   12:00   5.7   22:10   7.3   0.0   0.0   2.3  19.3   15:20   ENE
15   8.2  13.0   12:05   4.0    3:15  10.1   0.0   0.0   0.6  12.9   15:30   ENE
16   9.9  12.3   14:00   6.2    5:20   8.4   0.0   8.0   2.4  17.7    8:35    SE
17  10.2  12.8   20:50   5.8    2:25   8.1   0.0   2.2   7.6  37.0   11:20    SE
18  12.9  14.0   12:10  12.4   18:40   5.4   0.0   1.0   7.6  30.6   23:00    SE
19  12.6  14.1   14:10  11.9    6:05   5.7   0.0   0.0   5.0  27.4    4:25    SE
20  11.9  13.5   13:50  10.6    3:10   6.4   0.0   0.6   2.6  22.5   20:40    SE
21   9.7  11.8   13:05   6.8   23:20   8.6   0.0   0.6   1.1  11.3    1:55    SE
22   5.6   8.6   12:15   0.4    8:05  12.7   0.0   0.2   1.3  19.3   23:55    SE
23  10.9  12.5   13:55   8.2    0:10   7.4   0.0   0.0   3.2  20.9   10:40    SE
24  11.2  12.3    0:40   6.8   00:00   7.1   0.0  11.4   5.1  35.4   13:20    SE
25   6.4   8.6   13:50   4.3    6:25  11.8   0.0   0.8   2.6  19.3   11:00    SE
26  11.1  13.1   19:10   7.5    0:05   7.2   0.0   0.0   4.8  37.0   23:20    SE
27   7.4  12.7    0:05   3.5   19:15  10.9   0.0   4.0   4.5  37.0    0:50     W
28   9.7  12.6   19:45   5.8    0:05   8.6   0.0   2.4   9.0  43.5   12:15   SSE
29   7.6  12.4    0:05   3.3   19:15  10.7   0.0  15.2   8.5  45.1    3:45   SSE
30   7.2   9.8   11:30   3.1    0:55  11.1   0.0   5.8   9.5  49.9   21:30   SSE
-------------------------------------------------------------------------------------
     9.7  16.7    13    -3.1     7   258.3   0.0  80.9   4.3  49.9    30      SE

Max >=  32.0:  0
Max <=   0.0:  0
Min <=   0.0:  2
Min <= -18.0:  0
Max Rain: 19.99 ON 11/11/11
Days of Rain: 21 (> .2 mm) 10 (> 2 mm) 0 (> 20 mm)
Heat Base:  18.3  Cool Base:  18.3  Method: Integration