NOAA-Style Climate Reports


Report for 2011 October
                   MONTHLY CLIMATOLOGICAL SUMMARY for OCT. 2011

NAME: Naas Weather   CITY: Naas   STATE: Kildare 
ELEV:    92 m  LAT: 53.212092  LONG: -6.674846

                   TEMPERATURE (°C), RAIN  (mm), WIND SPEED (km/hr)

                                      HEAT  COOL        AVG
    MEAN                              DEG   DEG         WIND                 DOM
DAY TEMP  HIGH   TIME   LOW    TIME   DAYS  DAYS  RAIN  SPEED HIGH   TIME    DIR
------------------------------------------------------------------------------------
 1  13.8  14.7   14:45  13.3    1:30   4.5   0.0  16.6   1.9  12.9    8:40   NNE
 2  15.9  18.3   17:25  13.7    0:05   2.4   0.0   1.8   0.8  12.9    8:25    SE
 3  14.6  20.8   13:05   7.5   23:20   3.9   0.1   0.2   2.7  24.1   13:20    SE
 4  11.7  15.4   14:55   7.6    1:45   6.6   0.0   0.0   2.3  20.9   17:10    SE
 5  14.8  18.9   13:10   9.4   23:35   3.5   0.0   3.0   4.3  27.4   12:30     W
 6   9.2  13.1   13:50   5.3    8:00   9.1   0.0   2.0   5.5  30.6   15:35     W
 7  10.2  13.9   14:15   7.3   22:25   8.1   0.0   0.0   3.1  22.5   17:15     W
 8  13.3  18.6   15:25   8.1    0:05   5.0   0.0   0.2   2.3  19.3   19:40     W
 9  16.0  17.3   14:40  15.1   23:00   2.3   0.0   0.0   4.0  24.1    0:40     W
10  15.6  16.3    8:55  15.1    0:05   2.7   0.0   2.2   5.0  32.2   10:15     W
11  15.3  16.8   13:55  14.1   22:40   3.0   0.0   1.6   3.2  35.4    1:50     W
12  14.7  17.5   12:50  12.5   23:50   3.6   0.0   1.4   1.1  12.9   14:20     W
13  14.4  19.3   13:50  11.9   00:00   4.0   0.1   0.2   0.6  14.5   14:10    SE
14  13.8  15.5   13:40  11.0    3:15   4.5   0.0   0.2   3.5  22.5   20:10    SE
15  12.9  14.3   15:20  10.4   22:00   5.3   0.0   3.6   4.2  25.7    6:45    SE
16  10.3  15.0   15:20   6.7    3:05   7.9   0.0   0.2   1.3  16.1   14:55    SE
17   9.0  13.6   13:05   4.1   00:00   9.3   0.0   5.6   3.2  24.1   13:15    SE
18   6.7  11.6   14:45   3.6    8:15  11.6   0.0   0.4   2.6  25.7   15:35     W
19   5.4   9.7   14:00   2.1    4:55  12.9   0.0   0.4   1.6  20.9   11:45     W
20   6.9  10.9   15:30   1.8    3:30  11.4   0.0   0.6   1.9  22.5   21:45    SE
21  11.6  13.7   15:10   9.8    0:05   6.7   0.0   0.2   3.9  22.5   20:50    SE
22  11.2  12.6   11:25   8.4   22:35   7.1   0.0   4.2   7.2  35.4   11:40   SSE
23  11.6  15.1   21:20   8.1    5:05   6.7   0.0  18.2   7.1  56.3   21:10     S
24  11.4  15.2    3:00   6.4   00:00   6.9   0.0  38.6   5.3  53.1    2:40     E
25   8.1  11.7   15:50   5.3    1:05  10.3   0.0   4.6   1.1  17.7   22:10     E
26   7.8  11.7   16:15   4.4    4:20  10.5   0.0   0.6   3.2  19.3   19:50   SSE
27   8.7  12.4   15:25   2.8   23:40   9.6   0.0   0.0   1.1  16.1    0:15    SE
28   8.4  12.4   15:00   2.8    0:30   9.9   0.0   0.4   4.2  29.0   15:40    SE
29  12.6  15.4   15:15  10.3   23:55   5.7   0.0   5.4   5.0  35.4    2:00    SE
30  13.1  15.3   12:45   9.9    1:35   5.2   0.0   0.2   4.5  24.1   15:40    SE
31  12.6  15.1   11:40   9.0   00:00   5.7   0.0   6.6   5.1  35.4    9:25    SE
-------------------------------------------------------------------------------------
    11.7  20.8     3     1.8    20   205.8   0.2 119.3   3.3  56.3    23      SE

Max >=  32.0:  0
Max <=   0.0:  0
Min <=   0.0:  0
Min <= -18.0:  0
Max Rain: 38.61 ON 24/10/11
Days of Rain: 27 (> .2 mm) 12 (> 2 mm) 1 (> 20 mm)
Heat Base:  18.3  Cool Base:  18.3  Method: Integration