NOAA-Style Climate Reports


Report for 2011 September
                   MONTHLY CLIMATOLOGICAL SUMMARY for SEP. 2011

NAME: Naas Weather   CITY: Naas   STATE: Kildare 
ELEV:    92 m  LAT: 53.212092  LONG: -6.674846

                   TEMPERATURE (°C), RAIN  (mm), WIND SPEED (km/hr)

                                      HEAT  COOL        AVG
    MEAN                              DEG   DEG         WIND                 DOM
DAY TEMP  HIGH   TIME   LOW    TIME   DAYS  DAYS  RAIN  SPEED HIGH   TIME    DIR
------------------------------------------------------------------------------------
 1  13.9  20.9   13:40   5.7    3:35   4.6   0.2   0.0   2.4  17.7   14:35   SSW
 2  16.1  20.0   15:50  14.1   00:00   2.3   0.1   1.0   2.6  17.7   21:10    SE
 3  14.1  17.2   18:00   7.4   00:00   4.2   0.0  13.4   1.8  20.9    3:30     W
 4  11.1  16.2   17:15   6.6    1:20   7.2   0.0   5.0   3.1  24.1   12:05   SSW
 5  12.3  16.8   12:40   9.2    3:15   6.0   0.0   5.8   3.7  22.5    1:25     W
 6  13.6  15.6   17:10  11.4    9:45   4.8   0.0   4.0   5.3  49.9   15:10     W
 7  12.3  14.8   13:50  10.9   20:55   6.0   0.0   2.8   3.5  24.1    0:50     W
 8  14.5  19.0   13:25  11.3    0:05   3.8   0.0   0.6   1.6  14.5   10:25     W
 9  17.2  22.2   15:15  14.2    1:10   1.6   0.5   0.6   3.2  25.7   21:30   SSE
10  16.2  19.8   15:25  12.1   00:00   2.3   0.2   5.4   5.8  46.7   12:35     S
11  13.1  15.9   15:20  11.1    8:55   5.3   0.0   6.8   4.7  33.8   23:45    SE
12  14.5  16.2    2:30  11.6   21:55   3.8   0.0   0.2   8.4  53.1   11:25     W
13  11.6  15.4   15:40   8.6   23:15   6.7   0.0   0.6   4.5  30.6   18:10     W
14  11.8  15.6   16:20   7.6    5:35   6.5   0.0   0.0   1.1  14.5   11:05     W
15  12.7  17.3   17:25   9.2    2:25   5.6   0.0   0.0   1.6  17.7   14:30   SSE
16  13.4  18.1   15:50  10.6    0:25   4.9   0.0   4.4   2.7  19.3    8:40    SE
17  11.4  15.4   12:50   9.7    5:20   6.9   0.0   7.8   2.3  24.1   12:50     W
18  12.5  16.5   16:55  10.1   00:00   5.8   0.0   1.2   3.7  27.4   13:20    NW
19  13.5  17.7   14:40   9.6    0:35   4.8   0.0   3.4   2.1  20.9   22:20     W
20  11.3  15.2   14:00   6.9    6:55   7.0   0.0   0.2   1.3  14.5    9:45   ESE
21  11.3  14.3   11:35   8.6    2:20   7.0   0.0   0.8   3.4  22.5   10:50    SE
22  11.6  16.4   15:45   7.9    7:05   6.7   0.0   0.0   1.1  16.1   15:40     W
23  13.6  17.1   14:55  11.2    2:20   4.7   0.0   0.0   3.9  25.7   13:45    SE
24  13.8  19.4   15:20   9.4    7:30   4.5   0.0   0.0   2.4  25.7    1:55    SE
25  13.7  16.2   16:00  10.8    0:05   4.7   0.0   2.0   4.2  25.7   12:05    SE
26  12.2  17.8   15:10   6.8    5:15   6.2   0.0   0.0   1.9  17.7   16:55    SE
27  14.8  18.0   14:20  12.5    0:05   3.5   0.0   0.0   4.8  35.4   23:15    SE
28  17.3  21.3   13:40  14.3    1:15   1.6   0.6   0.0   6.4  30.6    6:45   SSE
29  17.1  19.9   15:05  15.8    6:50   1.3   0.1   0.0   5.3  30.6    2:20    SE
30  16.3  17.8    1:20  13.8   23:50   2.0   0.0  29.0   4.0  27.4   12:05    SE
-------------------------------------------------------------------------------------
    13.6  22.2     9     5.7     1   142.1   1.8  95.0   3.4  53.1    12      SE

Max >=  32.0:  0
Max <=   0.0:  0
Min <=   0.0:  0
Min <= -18.0:  0
Max Rain: 29.01 ON 30/09/11
Days of Rain: 20 (> .2 mm) 12 (> 2 mm) 1 (> 20 mm)
Heat Base:  18.3  Cool Base:  18.3  Method: Integration