NOAA-Style Climate Reports


Report for 2011 August
                   MONTHLY CLIMATOLOGICAL SUMMARY for AUG. 2011

NAME: Naas Weather   CITY: Naas   STATE: Kildare 
ELEV:    92 m  LAT: 53.212092  LONG: -6.674846

                   TEMPERATURE (°C), RAIN  (mm), WIND SPEED (km/hr)

                                      HEAT  COOL        AVG
    MEAN                              DEG   DEG         WIND                 DOM
DAY TEMP  HIGH   TIME   LOW    TIME   DAYS  DAYS  RAIN  SPEED HIGH   TIME    DIR
------------------------------------------------------------------------------------
 1  16.3  20.9   14:10  13.2    5:05   2.4   0.3   0.4   0.3   8.0   13:00     S
 2  15.4  20.4   15:45  11.3   23:05   3.0   0.2   0.6   0.8  14.5   14:05     W
 3  15.6  20.2   12:30  10.1    6:00   2.9   0.3   0.2   2.1  20.9   15:20   SSW
 4  17.4  23.6   16:00  14.2    2:45   1.7   0.8   6.4   2.1  19.3   16:55   SSW
 5
 6
 7
 8
 9
10
11
12
13
14
15
16
17
18
19  10.9  12.8   22:50  10.4   23:55   0.4   0.0   0.0   0.0   4.8   23:35     E
20  14.1  20.3   16:45   8.7    5:55   4.3   0.1   0.0   1.8  16.1   17:15   SSE
21  15.4  20.8   17:40  10.8   00:00   3.1   0.2   0.0   1.3  12.9   13:55     W
22  13.6  20.6   16:50   5.5    3:45   4.9   0.1   0.0   0.6  11.3   12:00    NE
23  13.8  22.0   13:55   5.4    6:25   5.1   0.5   0.0   0.5   9.7   11:55   SSW
24  13.3  19.3   14:00   9.8   23:10   5.1   0.0   3.6   2.1  16.1   15:05   SSW
25  13.5  19.6   14:30   8.1    6:10   4.8   0.0   0.4   3.4  19.3    9:50   SSW
26  12.4  20.1   15:20   4.6    6:15   6.0   0.1   0.0   1.8  17.7   19:00     N
27  12.8  17.1   14:05   9.2    5:20   5.5   0.0   0.6   2.7  22.5   13:05    NW
28  12.8  17.1   16:55   9.2   23:20   5.5   0.0   0.2   2.4  22.5   17:15    NW
29  10.6  16.3   13:40   4.3    6:35   7.7   0.0   0.0   1.4  17.7   11:10    NW
30  12.4  15.6   15:55   9.8    6:15   5.8   0.0   0.0   0.2   8.0   10:20    NW
31  13.1  16.6   15:50  10.3   00:00   5.2   0.0   0.0   1.6  14.5   13:15     E
-------------------------------------------------------------------------------------
    13.7  23.6     4     4.3    29    73.3   2.7  12.4   1.5  22.5    27      NW

Max >=  32.0:  0
Max <=   0.0:  0
Min <=   0.0:  0
Min <= -18.0:  0
Max Rain: 6.40 ON 04/08/11
Days of Rain: 8 (> .2 mm) 2 (> 2 mm) 0 (> 20 mm)
Heat Base:  18.3  Cool Base:  18.3  Method: Integration