NOAA-Style Climate Reports


Report for 2011 July
                   MONTHLY CLIMATOLOGICAL SUMMARY for JUL. 2011

NAME: Naas Weather   CITY: Naas   STATE: Kildare 
ELEV:    92 m  LAT: 53.212092  LONG: -6.674846

                   TEMPERATURE (°C), RAIN  (mm), WIND SPEED (km/hr)

                                      HEAT  COOL        AVG
    MEAN                              DEG   DEG         WIND                 DOM
DAY TEMP  HIGH   TIME   LOW    TIME   DAYS  DAYS  RAIN  SPEED HIGH   TIME    DIR
------------------------------------------------------------------------------------
 1  14.6  20.7   17:50   9.1    3:50   4.0   0.2   0.0   0.6   9.7   11:50   SSW
 2  16.3  22.2   17:00  11.0    2:10   2.7   0.7   0.0   1.4  11.3   14:20   SSW
 3  16.3  23.4   17:05   7.3    5:10   3.4   1.3   0.0   1.1  11.3   14:15     S
 4  16.8  22.3   13:45  10.7    4:30   2.5   1.0   0.0   3.4  22.5   15:15   SSW
 5  15.9  20.6   16:10  11.7   23:20   2.7   0.3   5.0   4.0  25.7    4:40   SSW
 6  12.7  17.6   11:45   8.1   23:45   5.6   0.0   8.4   1.8  19.3   14:30   SSW
 7  13.1  18.3   14:30   7.9    0:15   5.3   0.0   4.2   2.7  24.1   16:10   SSW
 8  13.8  16.7   11:10  11.3   00:00   4.5   0.0   2.8   1.3  19.3    0:45   SSW
 9  15.2  21.3   15:05   7.9    5:30   3.6   0.5   0.2   1.0  12.9   15:10    NW
10  15.2  20.1   15:55  10.7    3:45   3.4   0.2   1.6   0.8  14.5   19:05    NW
11  14.8  21.4   13:55   8.2    4:40   3.7   0.2   0.0   1.6  19.3   15:50   ENE
12  15.6  20.3   13:25  11.2   00:00   3.0   0.2   0.0   3.9  22.5   14:55   ENE
13  15.8  24.0   16:15   7.3    5:20   3.5   1.0   0.0   0.8  12.9   14:40   SSW
14  16.7  23.4   13:30   9.8    1:55   2.9   1.2   0.2   1.0  11.3   12:55   SSW
15  15.3  18.1   12:55  12.7    5:20   3.0   0.0   1.6   1.8  19.3   20:50   SSW
16  14.2  17.3   13:30  11.6   22:25   4.1   0.0   9.0   3.1  22.5   17:50   WNW
17  12.8  14.3   12:00  11.7   21:55   5.5   0.0   2.4   5.0  29.0   13:00    NW
18  13.0  16.7   15:25  11.4    9:00   5.3   0.0   0.4   4.3  20.9    2:00   WNW
19  13.8  17.4   16:05  10.1   23:55   4.5   0.0   0.2   3.1  19.3   13:15   NNW
20  13.1  18.3   13:55   9.3    5:50   5.2   0.0   0.2   2.6  14.5   12:35    NE
21  11.9  14.1   14:20   9.7   00:00   6.4   0.0   0.8   2.3  14.5   17:10    NE
22  12.1  18.9   17:35   3.8    3:50   6.2   0.0   0.0   1.6  14.5   12:20    NE
23  15.1  22.5   15:45   5.4    5:25   4.1   1.0   0.0   1.3  14.5   15:25   NNW
24  16.0  21.2   19:30  11.9   00:00   2.6   0.3   0.2   0.5   9.7   19:10   NNW
25  16.4  22.2   14:20  10.7    5:40   2.7   0.8   0.0   0.6  11.3   14:15    NE
26  16.9  21.6   15:30  13.4    6:55   1.9   0.6   1.4   1.1   9.7    8:50    NE
27  18.7  26.2   14:25  14.3    7:30   1.4   1.8   2.8   0.6  17.7   17:10    NW
28  14.9  17.2   15:00  12.7   00:00   3.4   0.0   4.6   3.2  14.5    5:25    NE
29  13.8  18.1   17:35  10.9    5:15   4.5   0.0   0.4   3.2  19.3   13:15    NE
30  15.4  21.5   14:40   8.8    5:05   3.4   0.5   0.2   2.1  16.1   14:35     S
31  15.7  19.5   14:15  13.7    0:05   2.6   0.1   3.6   3.1  22.5    4:20   SSW
-------------------------------------------------------------------------------------
    14.9  26.2    27     3.8    22   117.6  12.0  50.2   2.1  29.0    17      NE

Max >=  32.0:  0
Max <=   0.0:  0
Min <=   0.0:  0
Min <= -18.0:  0
Max Rain: 8.99 ON 16/07/11
Days of Rain: 21 (> .2 mm) 9 (> 2 mm) 0 (> 20 mm)
Heat Base:  18.3  Cool Base:  18.3  Method: Integration