NOAA-Style Climate Reports


Report for 2011 June
                   MONTHLY CLIMATOLOGICAL SUMMARY for JUN. 2011

NAME: Naas Weather   CITY: Naas   STATE: Kildare 
ELEV:    92 m  LAT: 53.212092  LONG: -6.674846

                   TEMPERATURE (°C), RAIN  (mm), WIND SPEED (km/hr)

                                      HEAT  COOL        AVG
    MEAN                              DEG   DEG         WIND                 DOM
DAY TEMP  HIGH   TIME   LOW    TIME   DAYS  DAYS  RAIN  SPEED HIGH   TIME    DIR
------------------------------------------------------------------------------------
 1  14.3  19.3   16:20  10.5    2:55   4.1   0.1   0.0   2.4  17.7   11:15    SE
 2  15.8  22.9   16:10  11.3    5:30   3.3   0.8   0.0   1.4  16.1   19:25    NE
 3  17.9  26.0   13:25   7.8    4:35   2.8   2.4   0.0   2.1  17.7   15:55    NE
 4  14.7  20.2   15:30   9.6    5:30   3.8   0.2   0.0   4.8  24.1   17:15    NE
 5  11.6  14.0   19:45   7.3   00:00   6.7   0.0   1.2   3.7  20.9   20:05    NE
 6  10.3  15.7   14:35   2.8    5:20   8.0   0.0   0.0   1.4  17.7   23:20   SSE
 7  10.4  14.4   14:30   6.4   23:20   7.9   0.0   8.8   1.6  20.9   13:00    SE
 8  10.7  15.1   16:35   6.7   00:00   7.6   0.0   4.8   3.2  24.1   15:05    NW
 9   8.9  14.6   14:10   3.3    5:20   9.3   0.0   1.0   1.6  16.1   14:30    NW
10   9.7  17.1   15:40   2.1    5:10   8.7   0.0   4.6   0.8  17.7   18:15    NW
11  10.5  17.6   17:55   2.8    5:20   7.8   0.0   0.2   0.6  11.3   10:45   SSW
12  10.1  14.4   18:40   3.9    3:30   8.2   0.0   3.4   3.9  25.7   13:05    NE
13  13.9  18.9   18:00   8.2   23:55   4.4   0.0   0.0   2.3  17.7    9:50    NW
14  13.0  19.8   13:05   3.6    5:05   5.4   0.1   0.2   3.1  24.1   14:40     S
15  15.8  20.8   16:15  10.5   00:00   2.7   0.3   0.2   2.4  22.5    0:35    NW
16  11.8  17.3   14:05   7.9    6:15   6.5   0.0   3.4   1.9  16.1   12:00   SSE
17  11.7  16.0   20:10   8.2    0:05   6.6   0.0  33.4   2.9  29.0    6:55   SSW
18  12.4  17.1   17:55   8.3    1:15   5.8   0.0   1.4   2.3  17.7   16:45    NW
19  12.9  18.8   18:00   7.3    5:05   5.4   0.0   0.0   1.4  16.1   13:00    NW
20  12.1  18.1   11:45   5.7    5:25   6.2   0.0   6.6   1.9  16.1   13:00   ENE
21  13.9  18.6   15:15  10.7    0:05   4.4   0.0   5.6   1.8  19.3   17:20   SSW
22  13.1  17.6   18:10   9.6    2:00   5.3   0.0   2.2   2.3  24.1   12:15    NW
23  13.2  18.2   16:15   9.2   00:00   5.2   0.0   0.0   2.7  20.9   14:45    NW
24  10.5  14.4   23:55   4.6    3:05   7.8   0.0  10.8   3.1  29.0   20:05   SSW
25  18.1  22.9   16:35  14.4    0:05   1.3   1.1   0.0   2.9  25.7   14:45    SE
26  18.3  23.8   15:05  13.9    5:45   1.5   1.5   0.0   3.4  27.4   12:45   SSW
27  14.7  18.2   16:40  11.3   23:10   3.6   0.0   0.0   2.1  16.1   17:45     N
28  13.6  20.0   14:05   7.5    5:20   4.8   0.1   0.0   1.1  14.5   14:35    NW
29  11.7  17.7   16:05   5.6    3:40   6.6   0.0   3.0   1.1  19.3   12:40    NW
30  12.8  18.2   14:35   7.9    1:50   5.5   0.0   0.0   1.4  14.5   11:10    NW
-------------------------------------------------------------------------------------
    12.9  26.0     3     2.1    10   167.2   6.5  90.8   2.3  29.0    17      NW

Max >=  32.0:  0
Max <=   0.0:  0
Min <=   0.0:  0
Min <= -18.0:  0
Max Rain: 33.40 ON 17/06/11
Days of Rain: 17 (> .2 mm) 11 (> 2 mm) 1 (> 20 mm)
Heat Base:  18.3  Cool Base:  18.3  Method: Integration