NOAA-Style Climate Reports


Report for 2011 May
                   MONTHLY CLIMATOLOGICAL SUMMARY for MAY. 2011

NAME: Naas Weather   CITY: Naas   STATE: Kildare 
ELEV:    92 m  LAT: 53.212092  LONG: -6.674846

                   TEMPERATURE (°C), RAIN  (mm), WIND SPEED (km/hr)

                                      HEAT  COOL        AVG
    MEAN                              DEG   DEG         WIND                 DOM
DAY TEMP  HIGH   TIME   LOW    TIME   DAYS  DAYS  RAIN  SPEED HIGH   TIME    DIR
------------------------------------------------------------------------------------
 1  12.2  17.4   18:00   8.2    5:40   6.1   0.0   0.0   7.1  33.8   12:25   ENE
 2  11.8  16.3   16:55   7.9    5:40   6.4   0.0   0.0   7.7  40.2   18:15     E
 3   9.9  14.4   15:40   5.1    6:05   8.4   0.0   0.0   4.8  27.4   11:25   ESE
 4  11.5  15.1   13:05   7.5    3:00   6.8   0.0   0.6   6.3  27.4    7:55   SSW
 5  13.0  16.2   15:35  10.9    0:05   5.3   0.0   1.6   5.6  30.6   12:00   SSW
 6  13.4  17.4   12:10  10.2    6:10   4.9   0.0   7.2   5.0  27.4   15:15     S
 7  14.3  17.7   16:55  11.8    6:35   4.0   0.0   3.6   5.1  29.0   16:25   SSW
 8  13.2  17.1   15:40   9.9    5:45   5.1   0.0   0.4   7.7  45.1   12:10     S
 9  13.2  16.6   15:00  10.6   23:25   5.1   0.0   1.6   6.8  32.2   12:55     S
10  13.1  18.3   14:25   9.1   22:25   5.2   0.0   1.0   3.9  25.7    2:25   SSE
11  11.1  16.3   16:05   7.7    4:35   7.2   0.0   0.2   2.6  20.9   16:10     W
12  11.0  15.8   15:20   6.3   22:50   7.3   0.0   0.6   3.2  24.1   12:10   WNW
13   9.8  14.6   15:40   5.7   00:00   8.5   0.0   1.6   2.1  25.7   17:05   WNW
14   9.4  14.1   12:30   5.7    0:05   8.8   0.0   4.8   2.7  25.7   11:20    NW
15  10.1  13.2   15:20   4.3    1:05   8.2   0.0   0.6   2.6  19.3   18:25     W
16  12.4  15.5   15:00  10.7    5:50   5.9   0.0   0.6   3.9  24.1   15:40     W
17  13.5  16.1   17:40  11.2    4:25   4.8   0.0   0.2   2.3  17.7   19:30     W
18  12.0  16.4   15:15   6.3   00:00   6.3   0.0   0.8   3.9  25.7   12:45    NW
19   9.6  15.4   12:05   2.6    5:35   8.7   0.0   0.0   1.3  16.1   12:30    SE
20  10.8  15.8   16:20   5.1   23:40   7.5   0.0   1.0   2.9  22.5    9:20    NW
21  10.5  15.2   14:05   4.3    0:40   7.8   0.0  10.2   3.9  29.0    9:25   SSE
22  10.9  15.8   16:30   7.1    0:45   7.3   0.0   0.8   4.7  33.8    9:50    NW
23  11.0  14.1   13:25   7.1   00:00   7.3   0.0   5.4   6.8  38.6   12:35    NW
24  10.7  16.2   15:40   4.3    5:25   7.6   0.0   0.0   3.4  29.0   13:50   NNE
25  11.1  14.8   17:10   8.4    1:10   7.2   0.0   1.2   5.6  33.8   12:00   SSE
26  10.4  13.7   14:50   6.6   00:00   7.9   0.0   4.4   5.0  32.2   16:40    NW
27   9.4  14.1   11:10   3.9    5:05   8.8   0.0   0.8   2.4  22.5   13:25    NW
28  12.1  16.4   14:40   9.6    8:40   6.2   0.0   0.8   3.5  25.7   14:30     W
29  12.9  17.3   14:05   9.4   00:00   5.3   0.0   0.2   3.9  29.0    9:45    NW
30  10.2  15.2   14:45   4.3   00:00   8.2   0.0   3.8   1.4  22.5   15:05    NW
31  10.6  17.1   14:45   2.4    2:20   7.7   0.0   0.0   1.9  19.3   13:00    NW
-------------------------------------------------------------------------------------
    11.5  18.3    10     2.4    31   212.2   0.0  54.0   4.2  45.1     8      NW

Max >=  32.0:  0
Max <=   0.0:  0
Min <=   0.0:  0
Min <= -18.0:  0
Max Rain: 10.21 ON 21/05/11
Days of Rain: 25 (> .2 mm) 7 (> 2 mm) 0 (> 20 mm)
Heat Base:  18.3  Cool Base:  18.3  Method: Integration