NOAA-Style Climate Reports


Report for 2011 April
                   MONTHLY CLIMATOLOGICAL SUMMARY for APR. 2011

NAME: Naas Weather   CITY: Naas   STATE: Kildare 
ELEV:    92 m  LAT: 53.212092  LONG: -6.674846

                   TEMPERATURE (°C), RAIN  (mm), WIND SPEED (km/hr)

                                      HEAT  COOL        AVG
    MEAN                              DEG   DEG         WIND                 DOM
DAY TEMP  HIGH   TIME   LOW    TIME   DAYS  DAYS  RAIN  SPEED HIGH   TIME    DIR
------------------------------------------------------------------------------------
 1  11.7  12.8   13:45  10.8   22:55   6.6   0.0   0.2   6.1  37.0   23:10    SE
 2   9.9  15.4   16:25   4.9    7:30   8.3   0.0  12.0   2.7  35.4    0:15    SE
 3   7.6  12.8   14:50   2.9   23:45  10.7   0.0   0.4   1.6  19.3   14:25     W
 4   9.6  16.4   16:45   3.0    0:05   8.7   0.0   3.4   4.0  29.0   12:55    SE
 5  13.4  17.1   14:20  10.3    0:45   4.9   0.0   6.8   3.7  27.4    0:45    SE
 6  13.1  17.1   16:50  10.2   22:20   5.2   0.0   2.0   3.2  20.9   14:05    SE
 7  12.3  16.8   17:40   7.6   23:40   5.9   0.0   0.2   0.6   9.7    6:30     W
 8  11.6  21.7   16:15   2.0    7:10   7.1   0.3   0.0   0.6  16.1   19:10    NE
 9  12.2  19.6   13:30   3.9    4:10   6.2   0.1   0.0   2.3  22.5   14:30    SE
10  15.3  21.9   16:00   8.7    3:00   3.7   0.7   0.0   1.3  12.9   15:20     W
11   9.8  13.2   10:55   2.4   23:45   8.4   0.0   2.4   2.7  33.8   12:55     W
12   7.4  13.3   16:50   1.1    6:20  10.9   0.0   0.8   1.3  16.1   21:20     W
13   8.7  12.4   18:15   5.8    5:15   9.6   0.0   7.0   4.2  33.8   12:35    SE
14  11.3  15.1   14:30   8.2    0:40   7.0   0.0   0.0   0.3   8.0   14:15   ESE
15  12.2  16.7   17:00   8.6    6:40   6.2   0.0   0.0   0.6  12.9   13:35     W
16  10.2  16.5   14:15   4.3   23:55   8.1   0.0   0.2   0.8  12.9   14:00   WNW
17   9.3  16.5   15:30   0.8    6:15   9.0   0.0   0.0   0.6  14.5   17:35    SE
18  10.4  17.6   14:05   2.2    5:00   7.9   0.0   0.0   1.6  17.7   13:55   SSE
19  11.2  19.0   13:45   1.6    6:35   7.1   0.0   0.0   2.4  22.5   15:25    NE
20  13.2  22.9   16:55   2.4    3:40   5.9   0.8   0.0   0.8  12.9   17:55   NNE
21  14.8  22.9   16:15   7.9    5:10   4.3   0.9   0.0   2.6  19.3   13:15   NNE
22  15.7  21.6   13:25   7.3    1:20   3.1   0.5   0.0   3.9  30.6   14:50    SE
23  12.2  18.1   16:10   5.9   00:00   6.1   0.0   0.0   1.0  11.3    3:00    NW
24  11.4  17.8   13:35   3.7    4:50   6.9   0.0   0.0   0.6  11.3   14:55     W
25  11.0  13.8   14:10   8.3   00:00   7.3   0.0   0.0   3.2  24.1   15:50   NNE
26   9.9  15.1   15:35   6.4   23:50   8.4   0.0   1.2   3.9  19.3   11:10    NE
27  11.1  19.7   16:05   1.5    6:20   7.2   0.0   0.0   1.1  16.1   19:30   NNE
28  10.8  19.3   12:35   1.4    5:50   7.5   0.0   0.0   2.3  22.5   16:05    NE
29  11.0  16.6   15:35   1.6    5:45   7.3   0.0   0.0   4.7  30.6   15:00    NE
30  12.4  17.2   16:55   9.0    5:15   5.9   0.0   0.0   7.7  33.8   10:50    NE
-------------------------------------------------------------------------------------
    11.4  22.9    21     0.8    17   211.8   3.4  36.6   2.4  37.0     1      SE

Max >=  32.0:  0
Max <=   0.0:  0
Min <=   0.0:  0
Min <= -18.0:  0
Max Rain: 11.99 ON 02/04/11
Days of Rain: 12 (> .2 mm) 6 (> 2 mm) 0 (> 20 mm)
Heat Base:  18.3  Cool Base:  18.3  Method: Integration