NOAA-Style Climate Reports


Report for 2011 March
                   MONTHLY CLIMATOLOGICAL SUMMARY for MAR. 2011

NAME: Naas Weather   CITY: Naas   STATE: Kildare 
ELEV:    92 m  LAT: 53.212092  LONG: -6.674846

                   TEMPERATURE (°C), RAIN  (mm), WIND SPEED (km/hr)

                                      HEAT  COOL        AVG
    MEAN                              DEG   DEG         WIND                 DOM
DAY TEMP  HIGH   TIME   LOW    TIME   DAYS  DAYS  RAIN  SPEED HIGH   TIME    DIR
------------------------------------------------------------------------------------
 1   3.6  12.3   15:30  -2.1    7:25  14.7   0.0   0.0   0.2   8.0   20:15     W
 2   1.8  10.2   16:05  -4.2    7:30  16.5   0.0   0.2   0.2   8.0   13:10     W
 3   1.9  10.0   15:10  -6.5    5:35  16.4   0.0   0.0   3.1  20.9   12:25    NE
 4   5.6  11.6   14:40   0.4    7:50  12.7   0.0   0.0   2.3  16.1   14:45    NE
 5   6.6   9.8   12:25   4.8    6:55  11.7   0.0   0.0   1.6  14.5   11:40    NE
 6   6.0   7.7   12:30   2.1   00:00  12.3   0.0   0.0   1.6  14.5   10:35   SSW
 7   4.6  12.3   15:40  -0.8    7:15  13.7   0.0   0.0   0.3   8.0   10:25    SE
 8   4.5   9.4   12:15  -1.9    2:20  13.8   0.0   0.6   2.1  25.7   23:55     W
 9   7.4  10.9   13:20   4.2    7:00  10.9   0.0   0.2   5.1  24.1   13:55     W
10   7.1  10.1   12:55   2.7   23:20  11.2   0.0   1.6   5.0  32.2   13:40     W
11   6.0   9.3   17:10   2.0    3:55  12.3   0.0   6.8   2.3  17.7   18:10    SE
12   5.4   9.6   11:35   1.4   23:55  12.9   0.0   3.0   2.6  24.1    0:50   SSE
13   2.5   8.1   15:30  -2.2    4:40  15.8   0.0   0.0   1.6  17.7   12:50   WNW
14   5.4  12.2   14:40   0.0    7:35  12.9   0.0   0.0   1.4  14.5   15:05    SE
15   5.7  11.9   14:55  -1.7   00:00  12.7   0.0   1.0   1.4  16.1   12:45    NE
16   3.4  13.2   16:10  -5.2    6:15  14.9   0.0   0.2   0.3   9.7   10:00     W
17   5.7  10.4   14:55   1.2    0:20  12.6   0.0   0.4   1.1  16.1   14:10    NW
18   5.6  13.1   15:20  -1.5    7:25  12.8   0.0   0.0   0.8  16.1   14:25     W
19   6.4  12.7   13:15   0.4    5:15  11.9   0.0   2.4   2.6  29.0   20:45    SE
20   9.6  15.1   13:35   4.9   21:35   8.7   0.0   1.0   2.6  22.5    1:45    SE
21  10.9  15.3   13:45   6.4    4:05   7.4   0.0   0.0   0.6   9.7    8:45   SSE
22  10.4  16.7   14:00   3.9    6:00   7.9   0.0   0.0   0.6   9.7   14:15   ESE
23   8.8  18.0   14:20   0.1    6:15   9.5   0.0   0.0   0.3   9.7   13:05    SE
24   7.8  16.4   12:35  -1.3    6:35  10.4   0.0   0.0   2.6  20.9   15:25    NE
25   7.2  13.3   14:05   0.2   00:00  11.1   0.0   0.0   3.9  22.5   12:10    NE
26   3.8  10.2   15:20  -3.4    4:55  14.5   0.0   0.0   1.9  20.9   15:50    NE
27   7.3  12.6   14:50   1.1    0:10  10.5   0.0   0.0   3.4  20.9   14:35    NE
28   6.8  15.5   15:25  -1.7    7:25  11.5   0.0   0.0   0.6  14.5   15:15   SSE
29   8.8  11.7   15:05   5.7    4:50   9.5   0.0   1.4   1.1  11.3   18:35   SSE
30  10.7  15.9   15:25   6.8    8:45   7.6   0.0   2.4   3.9  20.9   14:15   SSE
31  12.4  16.3   17:45   9.1    1:00   5.9   0.0   1.6   5.6  32.2    8:45     W
-------------------------------------------------------------------------------------
     6.4  18.0    23    -6.5     3   367.2   0.0  22.8   2.0  32.2    10      NE

Max >=  32.0:  0
Max <=   0.0:  0
Min <=   0.0: 13
Min <= -18.0:  0
Max Rain: 6.81 ON 11/03/11
Days of Rain: 14 (> .2 mm) 4 (> 2 mm) 0 (> 20 mm)
Heat Base:  18.3  Cool Base:  18.3  Method: Integration