NOAA-Style Climate Reports


Report for 2011 February
                   MONTHLY CLIMATOLOGICAL SUMMARY for FEB. 2011

NAME: Naas Weather   CITY: Naas   STATE: Kildare 
ELEV:    92 m  LAT: 53.212092  LONG: -6.674846

                   TEMPERATURE (°C), RAIN  (mm), WIND SPEED (km/hr)

                                      HEAT  COOL        AVG
    MEAN                              DEG   DEG         WIND                 DOM
DAY TEMP  HIGH   TIME   LOW    TIME   DAYS  DAYS  RAIN  SPEED HIGH   TIME    DIR
------------------------------------------------------------------------------------
 1   7.5  10.7   13:10   4.6    6:20  10.8   0.0   0.8   1.4  20.9   13:45     W
 2   8.0  11.5   13:35   3.4   23:05  10.3   0.0   1.2   4.3  29.0   13:25    SE
 3   5.9   9.0   19:20   2.1    7:05  12.4   0.0   5.4   4.7  32.2   18:05    SE
 4  11.1  12.6   12:55   7.7    1:25   7.2   0.0   4.2   5.5  27.4   12:35     W
 5   7.9  11.8    0:05   7.0    8:55  10.4   0.0  32.0   0.8  24.1    0:25     W
 6   8.4  11.0   12:30   6.5   18:45   9.9   0.0  12.4   2.3  29.0    7:55    SE
 7   6.4  10.3    5:55  -0.6   23:20  11.9   0.0   1.0   4.7  40.2    5:00     W
 8   5.1   9.8   23:10  -0.6    0:05  13.2   0.0   1.2   5.1  30.6   19:10   SSW
 9   9.1  10.9   13:05   6.7   23:45   9.2   0.0  14.6   2.6  25.7    7:10   SSE
10   6.2   9.6   14:05   2.4   20:10  12.1   0.0   0.0   1.0  16.1   16:40   ESE
11   7.7  10.6   14:45   2.4   00:00  10.5   0.0   1.4   2.3  20.9    8:30   SSW
12   4.8   8.2   12:55   0.4    7:05  13.5   0.0   1.6   4.2  38.6   21:05     S
13   6.0  10.7   15:55   2.7   23:45  12.3   0.0   7.8   1.4  32.2    0:55     W
14   3.6   6.9   13:50   1.8    2:45  14.7   0.0   0.4   2.1  16.1    6:25   SSW
15   5.4   7.6   11:10   3.2    1:55  12.9   0.0   8.2   4.7  24.1    2:55    SE
16   4.8   8.8   12:05   1.3    7:55  13.5   0.0   0.2   2.4  16.1   11:55    SE
17   3.7   7.3   15:55  -0.1    5:50  14.6   0.0   1.4   0.0   4.8    1:30    SE
18   6.4   8.6   21:55   0.2    0:20  11.9   0.0   0.6   5.8  33.8   19:55   SSW
19   7.8  12.8   14:15   3.8    6:50  10.5   0.0   0.0   1.6  19.3   23:10     S
20   8.4  11.1   12:20   6.5    0:15   9.9   0.0   0.4   6.9  30.6   17:00   SSW
21   8.1  13.6   15:35   4.6   18:50  10.3   0.0   0.6   1.0  14.5    0:05   SSW
22   8.2  10.4   15:50   4.3    5:20  10.1   0.0   0.4   2.3  19.3   11:00   SSE
23  10.8  14.3   15:55   8.0   21:10   7.5   0.0   0.8   1.6  16.1   11:45    SE
24  10.4  14.6   13:45   6.7    7:35   7.8   0.0   0.0   3.1  24.1   22:40    SE
25  10.6  13.2   14:35   8.3   23:55   7.7   0.0   1.6   3.1  35.4    2:10    SE
26   6.1   9.8   13:25   1.7   23:10  12.2   0.0   2.4   1.8  22.5    1:45     W
27   4.7  10.3   14:30  -1.1   23:40  13.6   0.0   0.4   2.1  24.1   15:45     W
28   2.5  10.1   14:15  -3.8    5:15  15.8   0.0   0.0   0.5   9.7   14:00    NE
-------------------------------------------------------------------------------------
     7.0  14.6    24    -3.8    28   316.7   0.0 101.0   2.8  40.2     7      SE

Max >=  32.0:  0
Max <=   0.0:  0
Min <=   0.0:  5
Min <= -18.0:  0
Max Rain: 32.00 ON 05/02/11
Days of Rain: 24 (> .2 mm) 8 (> 2 mm) 1 (> 20 mm)
Heat Base:  18.3  Cool Base:  18.3  Method: Integration