NOAA-Style Climate Reports


Report for 2011 January
                   MONTHLY CLIMATOLOGICAL SUMMARY for JAN. 2011

NAME: Naas Weather   CITY: Naas   STATE: Kildare 
ELEV:    92 m  LAT: 53.212092  LONG: -6.674846

                   TEMPERATURE (°C), RAIN  (mm), WIND SPEED (km/hr)

                                      HEAT  COOL        AVG
    MEAN                              DEG   DEG         WIND                 DOM
DAY TEMP  HIGH   TIME   LOW    TIME   DAYS  DAYS  RAIN  SPEED HIGH   TIME    DIR
------------------------------------------------------------------------------------
 1   4.8   7.1   13:40   2.3   22:35  13.5   0.0   0.0   1.0  16.1   15:15    NE
 2   1.3   2.6    0:05  -0.1   00:00  17.0   0.0   0.0   1.1  12.9    0:10    NE
 3   0.0   3.3   12:30  -2.9   18:25  18.3   0.0   0.0   0.0   4.8   22:55    SE
 4   3.3   5.3   21:40   1.1    1:50  15.0   0.0   1.0   1.4  17.7   20:05   WSW
 5   2.2   5.2   14:35  -1.4   22:10  16.1   0.0   0.4   0.8  19.3   13:10    SE
 6  -0.3   2.9   14:00  -5.1   23:55  18.6   0.0   0.0   0.6  14.5   14:10   NNE
 7   0.9   3.7   12:15  -5.7    0:50  17.3   0.0  10.8   3.4  17.7   14:05    NE
 8   1.2   3.4   15:35  -1.1    6:40  17.1   0.0   1.8   1.9  20.9   13:45     W
 9   1.4   4.6   12:20  -1.8    8:25  16.8   0.0   0.2   1.0  16.1   23:00     W
10   6.9   8.6   14:20   3.3    0:05  11.4   0.0   7.2   2.4  19.3    4:50   SSW
11   4.1   7.1    0:05   0.7    9:10  14.3   0.0   4.2   2.9  38.6   23:55   WNW
12  10.2  11.3   13:45   6.7    0:05   8.1   0.0   3.8   1.8  29.0    0:05    SE
13  10.4  11.4   12:50   9.3   21:15   7.9   0.0   4.2   1.4  16.1   23:35   SSE
14   7.9  10.0   13:05   5.4   19:55  10.4   0.0   2.2   3.1  24.1   14:30    SE
15  10.6  11.5   13:55   8.5    0:05   7.7   0.0   9.6   5.6  29.0    2:45    SE
16   8.6  11.1    3:40   3.7   23:05   9.7   0.0   0.4   2.6  20.9    0:40    SE
17   3.0   6.4   12:05  -0.3   22:35  15.3   0.0   0.0   0.0   8.0    2:50    SE
18   0.4   6.4   15:40  -2.1   22:55  17.9   0.0   0.2   0.2   8.0   12:55   WSW
19  -0.8   6.5   12:30  -5.4    8:05  19.1   0.0   0.2   0.0   4.8   11:25    SE
20  -3.1   4.2   15:45  -7.2    7:05  21.4   0.0   0.2   0.0   3.2   15:10   NNW
21  -1.2   4.3   11:55  -6.2    1:25  19.5   0.0   0.0   0.2   6.4   13:20    NE
22  -0.4   4.1   14:25  -6.2    8:40  18.7   0.0   0.2   0.6   9.7   14:15    NE
23   2.1   3.3   15:35   1.5   10:00  16.2   0.0   0.0   0.0   4.8    1:30    NE
24   3.2   5.8   14:25   0.5    7:55  15.1   0.0   0.0   0.6  14.5   19:35   WNW
25   6.7   8.3   13:50   4.4    0:05  11.6   0.0   2.0   1.6  14.5   11:20   WNW
26   4.8   6.4    0:05   3.6   19:10  13.5   0.0   0.8   4.5  24.1   13:20    NE
27   2.6   4.3   12:10   0.1    5:10  15.7   0.0   0.0   2.6  22.5   11:35     E
28  -0.3   3.1   14:20  -4.3    7:35  18.6   0.0   0.0   1.1  16.1   14:25    NE
29  -0.4   4.6   12:35  -5.2    3:00  18.7   0.0   0.0   0.6  16.1   14:15    NE
30  -0.3   2.3   11:45  -2.2   23:30  18.6   0.0   0.0   0.2  11.3   12:15   SSW
31   3.3   7.3   00:00  -2.2    0:55  15.0   0.0   2.2   2.1  19.3   22:40   SSE
-------------------------------------------------------------------------------------
     3.0  11.5    15    -7.2    20   474.2   0.0  51.6   1.5  38.6    11      NE

Max >=  32.0:  0
Max <=   0.0:  0
Min <=   0.0: 17
Min <= -18.0:  0
Max Rain: 10.80 ON 07/01/11
Days of Rain: 19 (> .2 mm) 9 (> 2 mm) 0 (> 20 mm)
Heat Base:  18.3  Cool Base:  18.3  Method: Integration