NOAA-Style Climate Reports


Report for 2011
                            ANNUAL CLIMATOLOGICAL SUMMARY

NAME: Naas Weather  CITY: Naas   STATE: Kildare  
ELEV:    92 m  LAT: 53.212092  LONG: -6.674846

               TEMPERATURE (°C), HEAT BASE 18.3, COOL BASE 18.3
                          DEP.  HEAT  COOL                                          
        MEAN  MEAN        FROM  DEG   DEG                        MAX  MAX  MIN  MIN 
 YR MO  MAX   MIN   MEAN  NORM  DAYS  DAYS  HI  DATE  LOW  DATE  >=32 <=0  <=0  <=-18 
------------------------------------------------------------------------------------
 11  1   6.0  -0.3   3.0   0.0   474     0  11.5  15  -7.2   20    0    0   17    0
 11  2  10.6   3.2   7.0   0.0   317     0  14.6  24  -3.8   28    0    0    5    0
 11  3  12.3   0.8   6.4   0.0   367     0  18.0  23  -6.5    3    0    0   13    0
 11  4  17.2   5.1  11.4   0.0   212     3  22.9  21   0.8   17    0    0    0    0
 11  5  15.8   7.2  11.5   0.0   212     0  18.3  10   2.4   31    0    0    0    0
 11  6  18.3   7.6  12.9   0.0   167     7  26.0   3   2.1   10    0    0    0    0
 11  7  19.9  10.1  14.9   0.0   118    12  26.2  27   3.8   22    0    0    0    0
 11  8  19.0   9.1  13.7   0.0    73     3  23.6   4   4.3   29    0    0    0    0
 11  9  17.5  10.3  13.6   0.0   142     2  22.2   9   5.7    1    0    0    0    0
 11 10  14.9   8.3  11.7   0.0   206     0  20.8   3   1.8   20    0    0    0    0
 11 11  12.8   6.4   9.7   0.0   258     0  16.7  13  -3.1    7    0    0    2    0
 11 12   8.2   2.3   5.3   0.0   402     0  12.8  25  -3.4   16    0    0    8    0
------------------------------------------------------------------------------------
        14.2   5.7  10.0   0.0  2948    27  26.2 JUL  -7.2  JAN    0    0   45    0

                                PRECIPITATION (mm)

               DEP.   MAX        DAYS OF RAIN 
               FROM   OBS.          OVER
 YR MO  TOTAL  NORM   DAY  DATE  .2   2   20
---------------------------------------------
 11  1  51.6    0.0  10.8    7   19    9    0
 11  2 101.0    0.0  32.0    5   24    8    1
 11  3  22.8    0.0   6.8   11   14    4    0
 11  4  36.6    0.0  12.0    2   12    6    0
 11  5  54.0    0.0  10.2   21   25    7    0
 11  6  90.8    0.0  33.4   17   17   11    1
 11  7  50.2    0.0   9.0   16   21    9    0
 11  8  12.4    0.0   6.4    4    8    2    0
 11  9  95.0    0.0  29.0   30   20   12    1
 11 10 119.3    0.0  38.6   24   27   12    1
 11 11  80.9    0.0  20.0   11   21   10    0
 11 12  76.7    0.0  10.0   20   27   12    0
---------------------------------------------
       791.3   0.0  38.6  OCT  235  102    4

                                WIND SPEED (km/hr)
                          DOM
 YR MO   AVG.  HI   DATE  DIR
---------------------------------
 11  1   1.5  38.6   11    NE
 11  2   2.8  40.2    7    SE
 11  3   2.0  32.2   10    NE
 11  4   2.4  37.0    1    SE
 11  5   4.2  45.1    8    NW
 11  6   2.3  29.0   17    NW
 11  7   2.1  29.0   17    NE
 11  8   1.5  22.5   27    NW
 11  9   3.4  53.1   12    SE
 11 10   3.3  56.3   23    SE
 11 11   4.3  49.9   30    SE
 11 12   3.6  45.1   12   SSE
---------------------------------
         2.8  56.3  OCT   SE