NOAA-Style Climate Reports


Report for 2010 December
                   MONTHLY CLIMATOLOGICAL SUMMARY for DEC. 2010

NAME: Naas Weather   CITY: Naas   STATE: Kildare 
ELEV:    92 m  LAT: 53.212092  LONG: -6.674846

                   TEMPERATURE (°C), RAIN  (mm), WIND SPEED (km/hr)

                                      HEAT  COOL        AVG
    MEAN                              DEG   DEG         WIND                 DOM
DAY TEMP  HIGH   TIME   LOW    TIME   DAYS  DAYS  RAIN  SPEED HIGH   TIME    DIR
------------------------------------------------------------------------------------
 1  -2.2  -0.7   22:25  -3.2   18:30   5.0   0.0   0.0   0.0   3.2   19:05     S
 2  -4.3   0.0   14:05 -11.9   23:50  22.6   0.0   0.0   0.0   6.4   14:15     S
 3  -3.8   1.1   15:25 -13.2    1:10  22.1   0.0   0.0   0.3  16.1   12:10   SSW
 4   0.4   3.8   12:10  -1.1   23:20  17.9   0.0   2.4   0.0   3.2   12:05   SSW
 5  -1.6  -0.3   14:00  -3.7   00:00  19.9   0.0   0.0   0.0   3.2    1:30   SSW
 6  -3.2   2.4   12:35 -10.0    8:45  21.4   0.0   0.0   0.2   8.0   16:35   SSW
 7  -1.2   1.6   14:15  -9.3   23:50  19.5   0.0   0.0   0.2   8.0   12:00   SSW
 8  -6.8  -1.1   12:35 -12.1    5:25  25.1   0.0   0.0   0.0   3.2   14:20   SSW
 9   0.3   2.9   13:55  -3.6    7:20  18.0   0.0   0.0   0.0   4.8    5:20   SSW
10   3.2   4.8   13:15   2.1    1:45  15.1   0.0  11.4   0.0   1.6    0:10   SSW
11   2.6   4.4   12:50   0.7   00:00  15.7   0.0   1.2   0.0  16.1   18:40     S
12  -0.1   6.8   12:40  -4.6   00:00  18.3   0.0   0.2   0.0   3.2   14:25     S
13   0.2   7.7   12:30  -4.6    1:30  18.1   0.0   0.2   0.0   3.2   10:20     S
14   1.8   7.0   11:25  -1.9    8:50  16.5   0.0   0.0   0.0   3.2   13:15     S
15   2.5   4.2   13:50   0.4    6:05  15.8   0.0   0.0   0.0   4.8   19:35   SSW
16   2.9   6.8    9:10  -1.9   21:50  15.4   0.0   1.2   1.6  19.3   10:15   SSW
17  -1.1   0.3   12:25  -2.5    7:20  19.4   0.0   0.0   1.0  16.1   22:50   SSW
18  -3.7  -0.2    0:05  -9.0   22:45  22.0   0.0   0.0   0.5  12.9    1:30   WNW
19  -4.1   1.8   12:10  -9.7    2:20  22.4   0.0   0.0   0.2   8.0    6:15    NE
20  -5.9  -1.9   15:15 -10.6    8:40  24.2   0.0   0.0   0.0   4.8   13:35     N
21  -7.4  -1.3   21:55 -13.7    4:20  25.7   0.0   0.0   0.0   3.2   13:05     W
22  -8.3  -2.2    0:45 -14.1    8:45  26.6   0.0   0.0   0.0   3.2    8:45    SE
23  -7.7  -0.6   14:15 -13.0    2:55  26.0   0.0   0.0   0.0   3.2   20:35   ENE
24  -9.4  -4.2   12:20 -14.2    8:15  27.8   0.0   0.0   0.0   3.2   12:35     E
25  -9.8  -2.4   12:25 -15.1    8:55  28.1   0.0   0.0   0.0   4.8    7:45     S
26   3.1   5.2   00:00  -5.9    0:20  15.3   0.0  12.2   5.1  32.2   21:05   SSE
27   7.4   8.7   23:55   5.2    0:05  10.9   0.0   5.8   7.9  33.8    5:55     S
28   9.6  11.4   12:15   7.6    4:40   8.7   0.0   0.2   2.3  17.7   21:25   SSE
29   8.8  10.2   14:20   7.1   23:30   9.4   0.0   0.0   1.3  16.1    2:40    SE
30   6.9   9.3   13:30   2.4    6:50  11.4   0.0   0.0   1.8  12.9    7:15    NE
31   6.6   7.8   12:50   4.7   23:50  11.7   0.0   0.0   0.2   8.0   14:15    SE
-------------------------------------------------------------------------------------
    -0.8  11.4    28   -15.1    25   575.9   0.0  34.8   0.7  33.8    27     SSW

Max >=  32.0:  0
Max <=   0.0: 11
Min <=   0.0: 23
Min <= -18.0:  0
Max Rain: 12.19 ON 26/12/10
Days of Rain: 9 (> .2 mm) 4 (> 2 mm) 0 (> 20 mm)
Heat Base:  18.3  Cool Base:  18.3  Method: Integration