NOAA-Style Climate Reports

Select a Year or Month report
2018: Jan Feb Mar Apr May Jun Jul Aug Sep Oct Nov Dec
2017: Jan Feb Mar Apr May Jun Jul Aug Sep Oct Nov Dec
2016: Jan Feb Mar Apr May Jun Jul Aug Sep Oct Nov Dec
2015: Jan Feb Mar Apr May Jun Jul Aug Sep Oct Nov Dec
2014: Jan Feb Mar Apr May Jun Jul Aug Sep Oct Nov Dec
2013: Jan Feb Mar Apr May Jun Jul Aug Sep Oct Nov Dec
2012: Jan Feb Mar Apr May Jun Jul Aug Sep Oct Nov Dec
2011: Jan Feb Mar Apr May Jun Jul Aug Sep Oct Nov Dec
2010: Jan Feb Mar Apr May Jun Jul Aug Sep Oct Nov Dec

Report for 2018 April
                   Monthly Climatological Summary for Apr 2018

Name: Naas South   City: Naas   State: Kildare
Elevation: 116 m  Lat: N 54° 12' 28"   Lon: W 006° 40' 35"

                  Temperature (°C), Rain (mm), Wind Speed (km/h)

                                      Heat  Cool        Avg
    Mean                              Deg   Deg         Wind                 Dom
Day Temp  High   Time   Low    Time   Days  Days  Rain  Speed High   Time    Dir
----------------------------------------------------------------------------------
 1   3.7   7.1   13:23   0.5   03:52  14.6   0.0   1.4   5.9  27.0   16:44   ENE
 2   4.9   7.2   16:40   2.2   03:45  13.3   0.0   8.2   8.4  29.0   01:42    NE
 3   8.2  12.6   17:23   5.4   05:39  10.1   0.0   3.8   4.4  29.0   10:51     S
 4   4.5   6.2   16:56   0.4   23:53  13.8   0.0   5.6   7.2  37.0   17:03     N
 5   4.2   9.1   16:58  -3.3   06:51  14.1   0.0   0.2   5.4  40.0   23:09   SSE
 6   8.9  12.1   16:58   6.9   00:39   9.4   0.0   5.4  11.1  45.0   12:39   SSE
 7   9.1  15.2   15:24   6.2   05:02   9.2   0.0   2.6   3.1  24.0   16:15     S
 8   9.9  14.3   13:29   6.6   02:22   8.4   0.0   0.2   2.7  19.0   12:27     S
 9   9.2  14.2   15:12   5.3   05:06   9.1   0.0   0.2   4.1  29.0   15:14   SSE
10   7.3   8.7   13:07   6.3   19:59  10.9   0.0   0.0  10.7  31.0   11:56    NE
11   7.3   8.3   11:24   6.7   00:00  11.0   0.0   0.0   8.4  29.0   10:14    NE
12   7.3   9.1   12:50   6.2   06:41  11.0   0.0   0.2   6.7  21.0   19:10    NE
13   8.5  13.6   18:10   6.1   07:44   9.8   0.0   0.0   3.4  19.0   22:15   ENE
14  10.1  12.9   15:33   7.2   03:14   8.1   0.0   0.0   6.7  35.0   18:04   SSE
15  10.2  12.6   13:49   8.8   04:00   8.1   0.0   0.6   8.1  40.0   14:29   SSE
16   9.7  12.2   12:42   6.8   06:34   8.6   0.0   4.2  13.5  63.0   20:55     S
17  12.0  15.2   14:09   9.6   06:37   6.3   0.0  12.2  15.0  53.0   01:35   SSW
18  13.7  18.6   17:30  10.7   01:33   4.6   0.0   0.8  11.4  63.0   16:17     S
19  13.5  18.4   15:52   9.2   23:59   4.8   0.0   0.2   6.0  27.0   02:14   SSW
20  11.7  18.6   17:17   5.4   05:21   6.6   0.0   0.2   1.8  18.0   14:05   WSW
21  12.4  20.2   16:20   3.1   06:27   6.1   0.2   0.0   3.5  21.0   10:35   SSW
----------------------------------------------------------------------------------
     8.9  20.2    21    -3.3     5   197.9   0.2  46.0   7.0  63.0    16      SE

Max >=  27.0:  0
Max <=   0.0:  0
Min <=   0.0:  1
Min <= -18.0:  0
Max Rain: 12.2 on day 17
Days of Rain: 16 (>= 0.2 mm)  7 (>= 2.0 mm)  0 (>= 20.0 mm)
Heat Base: 18.3  Cool Base: 18.3  Method: Integration