NOAA-Style Climate Reports


Report for 2020 November
                   Monthly Climatological Summary for Nov 2020

Name: Naas South   City: Naas   State: Kildare
Elevation: 116 m  Lat: N 54° 12' 28"   Lon: W 006° 40' 35"

                  Temperature (°C), Rain (mm), Wind Speed (km/h)

                                      Heat  Cool        Avg
    Mean                              Deg   Deg         Wind                 Dom
Day Temp  High   Time   Low    Time   Days  Days  Rain  Speed High   Time    Dir
----------------------------------------------------------------------------------
 1  10.2  14.6   19:07   6.3   23:17   7.6   0.0  15.8  12.2  58.0   03:34     S
 2   6.2   8.6   10:04   3.8   23:42  12.1   0.0   4.0   7.1  35.0   10:59     S
 3   5.7   9.7   14:19   2.1   23:56  12.6   0.0   0.0   4.4  26.0   03:12   SSW
 4   4.9   9.1   13:11  -0.3   06:23  13.4   0.0   0.2   0.7   8.0   12:05    SW
 5   6.9   8.9   14:43   3.7   04:07  11.4   0.0   0.0   1.7  11.0   09:45     S
 6   6.3  12.2   13:35   1.9   07:46  12.0   0.0   0.0   1.7  18.0   15:10   ENE
 7   7.6  12.1   12:20   2.0   07:10  10.6   0.0   1.0   0.8  11.0   17:10    NE
 8  12.2  14.2   11:23  10.5   00:04   6.0   0.0   6.0   3.7  27.0   14:10   SSE
 9  12.4  14.4   14:39   8.4   22:52   5.9   0.0   3.0   2.3  14.0   09:46    SE
10  10.5  11.6   21:54   9.6   00:00   7.8   0.0   0.8   6.3  37.0   23:52   SSE
11  11.1  12.7   11:26   6.9   23:51   7.1   0.0   8.8  14.3  58.0   15:47   SSE
12   9.0  11.5   21:30   5.3   02:35   9.3   0.0   4.2  10.5  56.0   19:59     S
13   7.5   9.1   23:20   5.1   07:18  10.8   0.0   1.4   8.7  31.0   18:45     S
14  10.0  11.9   11:49   8.3   03:55   8.3   0.0   4.2  12.3  51.0   17:20   SSE
15   8.0  10.3   00:42   5.5   09:00  10.3   0.0   6.8   8.6  31.0   00:43     S
16   9.5  12.6   19:01   6.5   03:19   8.7   0.0   1.8   9.1  39.0   13:11     S
17  13.1  14.9   12:33  12.2   06:44   5.2   0.0   0.0  11.9  47.0   18:25     S
18   9.6  13.1   06:31   6.5   17:05   8.7   0.0   5.8  12.2  58.0   03:35     S
19   6.1   7.9   14:05   4.2   08:30  12.2   0.0   0.2   5.8  35.0   00:07   WSW
20   9.7  11.6   12:13   6.3   00:00   8.6   0.0   3.0   9.4  31.0   01:23     S
21   9.0  11.7   14:41   4.8   23:40   9.3   0.0   1.2   7.9  32.0   01:20     S
22   4.7   8.7   14:07   2.9   07:09  13.4   0.0   0.4   3.5  21.0   12:44     S
23   8.2  11.5   16:02   2.3   04:00  10.1   0.0   0.6  10.0  40.0   23:25     S
24   8.8  11.6   12:27   4.1   23:56   9.5   0.0   6.6   9.3  45.0   10:09     S
25   4.3   8.2   13:53   2.1   08:45  13.9   0.0   0.4   2.3  10.0   04:40     S
26   5.2   7.6   14:39   3.1   00:00  13.1   0.0   0.0   1.0  10.0   00:47     S
27   3.9   9.1   12:43  -1.3   06:54  14.3   0.0   0.2   0.4   8.0   19:42     E
28   5.7   9.7   14:27   0.4   01:13  12.5   0.0   0.0   2.1  16.0   05:12    NE
----------------------------------------------------------------------------------
     8.1  14.9    17    -1.3    27   284.7   0.0  76.4   6.4  58.0     1       S

Max >=  27.0:  0
Max <=   0.0:  0
Min <=   0.0:  2
Min <= -18.0:  0
Max Rain: 15.8 on day 1
Days of Rain: 22 (>= 0.2 mm)  11 (>= 2.0 mm)  0 (>= 20.0 mm)
Heat Base: 18.3  Cool Base: 18.3  Method: Integration