NOAA-Style Climate Reports

Select a Year or Month report
2019: Jan Feb Mar Apr May Jun Jul Aug Sep Oct Nov Dec
2018: Jan Feb Mar Apr May Jun Jul Aug Sep Oct Nov Dec
2017: Jan Feb Mar Apr May Jun Jul Aug Sep Oct Nov Dec
2016: Jan Feb Mar Apr May Jun Jul Aug Sep Oct Nov Dec
2015: Jan Feb Mar Apr May Jun Jul Aug Sep Oct Nov Dec
2014: Jan Feb Mar Apr May Jun Jul Aug Sep Oct Nov Dec
2013: Jan Feb Mar Apr May Jun Jul Aug Sep Oct Nov Dec
2012: Jan Feb Mar Apr May Jun Jul Aug Sep Oct Nov Dec
2011: Jan Feb Mar Apr May Jun Jul Aug Sep Oct Nov Dec
2010: Jan Feb Mar Apr May Jun Jul Aug Sep Oct Nov Dec

Report for 2019 March
                   Monthly Climatological Summary for Mar 2019

Name: Naas South   City: Naas   State: Kildare
Elevation: 116 m  Lat: N 54° 12' 28"   Lon: W 006° 40' 35"

                  Temperature (°C), Rain (mm), Wind Speed (km/h)

                                      Heat  Cool        Avg
    Mean                              Deg   Deg         Wind                 Dom
Day Temp  High   Time   Low    Time   Days  Days  Rain  Speed High   Time    Dir
----------------------------------------------------------------------------------
 1   9.0  13.3   11:56   5.6   07:07   9.3   0.0   9.4   3.6  26.0   15:59   SSW
 2   7.4  10.4   14:19   4.8   07:04  10.9   0.0   6.6   7.3  51.0   14:07   SSW
 3   3.1   6.2   09:18  -0.4   23:51  15.2   0.0   6.4   5.7  29.0   13:57   SSE
 4   2.1   5.5   14:58  -0.6   02:38  16.2   0.0   7.4   3.9  34.0   22:02   SSW
 5   6.4  10.1   14:17   2.7   01:44  11.9   0.0  11.0   6.8  35.0   12:11   SSW
 6   6.9   9.9   09:53   4.2   22:49  11.4   0.0   3.2   4.9  34.0   09:07    SW
 7   5.5   9.8   14:34   1.7   23:47  12.8   0.0   0.2   6.4  31.0   13:08   WNW
 8   5.5   9.5   16:35   1.3   00:57  12.8   0.0   2.8   4.7  39.0   11:55    SW
 9   6.1   8.9   12:00   3.5   23:57  12.2   0.0   5.4   5.6  34.0   10:07   WSW
10   2.9   6.3   12:08   0.8   19:49  15.4   0.0   7.4   5.6  34.0   12:45   WSW
11   5.1   9.2   23:52   0.4   05:37  13.2   0.0   2.6   8.1  53.0   19:05    SW
12   5.5   9.9   00:58   2.9   08:19  12.8   0.0   8.2   8.0  43.0   00:04    SW
13   7.0  10.1   13:54   4.8   07:38  11.3   0.0   1.2   7.8  34.0   02:08     W
14   9.3  11.3   12:15   7.2   20:08   9.0   0.0  13.4   7.1  32.0   04:45   WSW
15   8.8  11.3   01:14   5.6   23:19   9.5   0.0   5.6   5.9  31.0   01:41   WSW
16   7.4  10.4   11:12   1.9   23:57  10.9   0.0  18.2   8.0  37.0   04:48    SW
17   4.5   9.7   15:13   0.3   05:14  13.8   0.0   3.2   4.7  31.0   14:50   WNW
18   7.1  10.3   15:01   4.1   00:02  11.2   0.0   2.2   2.5  16.0   07:55    SW
19   9.3  14.6   17:07   5.3   04:14   9.0   0.0   1.2   3.0  21.0   10:13   SSW
20  11.7  16.7   12:55   7.9   04:45   6.6   0.0   0.4   3.7  23.0   12:43   SSW
21  11.0  13.2   16:16   8.8   22:00   7.3   0.0   0.4   4.6  27.0   21:52   SSW
22   8.9  11.1   11:35   4.8   22:34   9.4   0.0   1.4   5.9  39.0   02:46    SW
23   5.8  10.6   15:26   0.5   06:41  12.5   0.0   0.0   1.0  11.0   12:26   NNW
24   6.7  10.6   16:45   1.6   06:11  11.6   0.0   0.0   3.1  19.0   13:01     W
----------------------------------------------------------------------------------
     6.8  16.7    20    -0.6     4   276.2   0.0 117.8   5.3  53.0    11      SW

Max >=  27.0:  0
Max <=   0.0:  0
Min <=   0.0:  2
Min <= -18.0:  0
Max Rain: 18.2 on day 16
Days of Rain: 22 (>= 0.2 mm)  16 (>= 2.0 mm)  0 (>= 20.0 mm)
Heat Base: 18.3  Cool Base: 18.3  Method: Integration